CRAN Package Check Results for Package behaviorchange

Last updated on 2019-12-09 05:47:06 CET.

Flavor Version Tinstall Tcheck Ttotal Status Flags
r-devel-linux-x86_64-debian-clang 0.2.1 11.22 81.69 92.91 OK
r-devel-linux-x86_64-debian-gcc 0.2.1 8.92 62.85 71.77 OK
r-devel-linux-x86_64-fedora-clang 0.2.1 109.54 NOTE
r-devel-linux-x86_64-fedora-gcc 0.2.1 101.27 NOTE
r-devel-windows-ix86+x86_64 0.2.1 20.00 133.00 153.00 OK
r-devel-windows-ix86+x86_64-gcc8 0.2.1 22.00 96.00 118.00 OK
r-patched-linux-x86_64 0.2.1 10.16 74.26 84.42 OK
r-patched-solaris-x86 0.2.1 134.80 WARN
r-release-linux-x86_64 0.2.1 9.48 73.76 83.24 OK
r-release-windows-ix86+x86_64 0.2.1 14.00 84.00 98.00 OK
r-release-osx-x86_64 0.2.1 WARN
r-oldrel-windows-ix86+x86_64 0.2.1 11.00 84.00 95.00 OK
r-oldrel-osx-x86_64 0.2.1 WARN

Check Details

Version: 0.2.1
Check: dependencies in R code
Result: NOTE
    Namespace in Imports field not imported from: ‘magrittr’
     All declared Imports should be used.
Flavors: r-devel-linux-x86_64-fedora-clang, r-devel-linux-x86_64-fedora-gcc, r-patched-solaris-x86, r-release-osx-x86_64, r-oldrel-osx-x86_64

Version: 0.2.1
Check: re-building of vignette outputs
Result: WARN
    Error(s) in re-building vignettes:
     ...
    --- re-building ‘abcd-laagdrempelige_nederlandse_uitleg.Rmd’ using rmarkdown
    Warning in engine$weave(file, quiet = quiet, encoding = enc) :
     Pandoc (>= 1.12.3) and/or pandoc-citeproc not available. Falling back to R Markdown v1.
    Quitting from lines 53-74 (abcd-laagdrempelige_nederlandse_uitleg.Rmd)
    Error: processing vignette 'abcd-laagdrempelige_nederlandse_uitleg.Rmd' failed with diagnostics:
    there is no package called 'webshot'
    --- failed re-building ‘abcd-laagdrempelige_nederlandse_uitleg.Rmd’
    
    --- re-building ‘abcd.Rmd’ using rmarkdown
    Warning in engine$weave(file, quiet = quiet, encoding = enc) :
     Pandoc (>= 1.12.3) and/or pandoc-citeproc not available. Falling back to R Markdown v1.
    --- finished re-building ‘abcd.Rmd’
    
    --- re-building ‘matrix-van-aspecten-van-de-psychologie.Rmd’ using rmarkdown
    Warning in engine$weave(file, quiet = quiet, encoding = enc) :
     Pandoc (>= 1.12.3) and/or pandoc-citeproc not available. Falling back to R Markdown v1.
    --- finished re-building ‘matrix-van-aspecten-van-de-psychologie.Rmd’
    
    SUMMARY: processing the following file failed:
     ‘abcd-laagdrempelige_nederlandse_uitleg.Rmd’
    
    Error: Vignette re-building failed.
    Execution halted
Flavor: r-patched-solaris-x86

Version: 0.2.1
Check: re-building of vignette outputs
Result: WARN
    Error(s) in re-building vignettes:
     ...
    --- re-building ‘abcd-laagdrempelige_nederlandse_uitleg.Rmd’ using rmarkdown
    Warning in engine$weave(file, quiet = quiet, encoding = enc) :
     Pandoc (>= 1.12.3) and/or pandoc-citeproc not available. Falling back to R Markdown v1.
    Quitting from lines 53-74 (abcd-laagdrempelige_nederlandse_uitleg.Rmd)
    Error: processing vignette 'abcd-laagdrempelige_nederlandse_uitleg.Rmd' failed with diagnostics:
    cannot open the connection
    --- failed re-building ‘abcd-laagdrempelige_nederlandse_uitleg.Rmd’
    
    --- re-building ‘abcd.Rmd’ using rmarkdown
    Warning in engine$weave(file, quiet = quiet, encoding = enc) :
     Pandoc (>= 1.12.3) and/or pandoc-citeproc not available. Falling back to R Markdown v1.
    --- finished re-building ‘abcd.Rmd’
    
    --- re-building ‘matrix-van-aspecten-van-de-psychologie.Rmd’ using rmarkdown
    Warning in engine$weave(file, quiet = quiet, encoding = enc) :
     Pandoc (>= 1.12.3) and/or pandoc-citeproc not available. Falling back to R Markdown v1.
    --- finished re-building ‘matrix-van-aspecten-van-de-psychologie.Rmd’
    
    SUMMARY: processing the following file failed:
     ‘abcd-laagdrempelige_nederlandse_uitleg.Rmd’
    
    Error: Vignette re-building failed.
    Execution halted
Flavor: r-release-osx-x86_64

Version: 0.2.1
Check: re-building of vignette outputs
Result: WARN
    Error in re-building vignettes:
     ...
    Warning in engine$weave(file, quiet = quiet, encoding = enc) :
     Pandoc (>= 1.12.3) and/or pandoc-citeproc not available. Falling back to R Markdown v1.
    Quitting from lines 53-74 (abcd-laagdrempelige_nederlandse_uitleg.Rmd)
    Error: processing vignette 'abcd-laagdrempelige_nederlandse_uitleg.Rmd' failed with diagnostics:
    cannot open the connection
    Execution halted
Flavor: r-oldrel-osx-x86_64