CRAN Package Check Results for Package belg

Last updated on 2021-01-18 05:47:19 CET.

Flavor Version Tinstall Tcheck Ttotal Status Flags
r-devel-linux-x86_64-debian-clang 1.4.1 64.15 47.72 111.87 OK
r-devel-linux-x86_64-debian-gcc 1.4.1 39.33 37.26 76.59 OK
r-devel-linux-x86_64-fedora-clang 1.4.1 156.35 OK
r-devel-linux-x86_64-fedora-gcc 1.4.1 136.77 OK
r-devel-windows-ix86+x86_64 1.4.1 101.00 78.00 179.00 OK
r-patched-linux-x86_64 1.4.1 47.81 45.58 93.39 OK
r-patched-solaris-x86 1.4.1 143.80 OK
r-release-linux-x86_64 1.4.1 48.25 46.35 94.60 OK
r-release-macos-x86_64 1.4.1 OK
r-release-windows-ix86+x86_64 1.4.1 120.00 90.00 210.00 OK
r-oldrel-macos-x86_64 1.4.1 OK
r-oldrel-windows-ix86+x86_64 1.4.1 127.00 82.00 209.00 WARN

Check Details

Version: 1.4.1
Check: re-building of vignette outputs
Result: WARN
    Error(s) in re-building vignettes:
    --- re-building 'belg1.Rmd' using rmarkdown
    Quitting from lines 13-32 (belg1.Rmd)
    Error: processing vignette 'belg1.Rmd' failed with diagnostics:
    package 'lattice' 0.20.38 was found, but >= 0.20.41 is required by 'rasterVis'
    --- failed re-building 'belg1.Rmd'
    
    SUMMARY: processing the following file failed:
     'belg1.Rmd'
    
    Error: Vignette re-building failed.
    Execution halted
Flavor: r-oldrel-windows-ix86+x86_64