CRAN Package Check Results for Package bench

Last updated on 2023-01-29 05:49:30 CET.

Flavor Version Tinstall Tcheck Ttotal Status Flags
r-devel-linux-x86_64-debian-clang 1.1.2 4.94 44.34 49.28 WARN
r-devel-linux-x86_64-debian-gcc 1.1.2 3.76 34.03 37.79 WARN
r-devel-linux-x86_64-fedora-clang 1.1.2 62.70 WARN
r-devel-linux-x86_64-fedora-gcc 1.1.2 62.49 WARN
r-devel-windows-x86_64 1.1.2 22.00 86.00 108.00 OK
r-patched-linux-x86_64 1.1.2 9.01 43.21 52.22 OK
r-release-linux-x86_64 1.1.2 5.15 44.39 49.54 OK
r-release-macos-arm64 1.1.2 26.00 OK
r-release-macos-x86_64 1.1.2 37.00 OK
r-release-windows-x86_64 1.1.2 30.00 79.00 109.00 OK
r-oldrel-macos-arm64 1.1.2 117.00 OK
r-oldrel-macos-x86_64 1.1.2 39.00 OK
r-oldrel-windows-ix86+x86_64 1.1.2 18.00 101.00 119.00 OK

Check Details

Version: 1.1.2
Check: whether package can be installed
Result: WARN
    Found the following significant warnings:
     load.c:11:25: warning: a function declaration without a prototype is deprecated in all versions of C [-Wstrict-prototypes]
     ./nanotime.h:6:22: warning: a function declaration without a prototype is deprecated in all versions of C [-Wstrict-prototypes]
     ./nanotime.h:7:29: warning: a function declaration without a prototype is deprecated in all versions of C [-Wstrict-prototypes]
     mark.c:75:17: warning: a function declaration without a prototype is deprecated in all versions of C [-Wstrict-prototypes]
     mark.c:118:34: warning: a function declaration without a prototype is deprecated in all versions of C [-Wstrict-prototypes]
     mark.c:119:32: warning: a function declaration without a prototype is deprecated in all versions of C [-Wstrict-prototypes]
     nanotime.c:61:22: warning: a function declaration without a prototype is deprecated in all versions of C [-Wstrict-prototypes]
     nanotime.c:71:29: warning: a function declaration without a prototype is deprecated in all versions of C [-Wstrict-prototypes]
     process_memory.c:79:27: warning: a function declaration without a prototype is deprecated in all versions of C [-Wstrict-prototypes]
    See ‘/home/hornik/tmp/R.check/r-devel-clang/Work/PKGS/bench.Rcheck/00install.out’ for details.
    * used C compiler: ‘Debian clang version 15.0.6’
Flavor: r-devel-linux-x86_64-debian-clang

Version: 1.1.2
Check: whether package can be installed
Result: WARN
    Found the following significant warnings:
     load.c:11:6: warning: function declaration isn’t a prototype [-Wstrict-prototypes]
     nanotime.h:6:1: warning: function declaration isn’t a prototype [-Wstrict-prototypes]
     nanotime.h:7:1: warning: function declaration isn’t a prototype [-Wstrict-prototypes]
     mark.c:75:6: warning: function declaration isn’t a prototype [-Wstrict-prototypes]
     mark.c:118:1: warning: function declaration isn’t a prototype [-Wstrict-prototypes]
     mark.c:119:1: warning: function declaration isn’t a prototype [-Wstrict-prototypes]
     nanotime.c:61:13: warning: function declaration isn’t a prototype [-Wstrict-prototypes]
     nanotime.c:71:13: warning: function declaration isn’t a prototype [-Wstrict-prototypes]
     process_memory.c:79:6: warning: function declaration isn’t a prototype [-Wstrict-prototypes]
    See ‘/home/hornik/tmp/R.check/r-devel-gcc/Work/PKGS/bench.Rcheck/00install.out’ for details.
    * used C compiler: ‘gcc-12 (Debian 12.2.0-14) 12.2.0’
Flavor: r-devel-linux-x86_64-debian-gcc

Version: 1.1.2
Check: whether package can be installed
Result: WARN
    Found the following significant warnings:
     load.c:11:25: warning: a function declaration without a prototype is deprecated in all versions of C [-Wstrict-prototypes]
     ./nanotime.h:6:22: warning: a function declaration without a prototype is deprecated in all versions of C [-Wstrict-prototypes]
     ./nanotime.h:7:29: warning: a function declaration without a prototype is deprecated in all versions of C [-Wstrict-prototypes]
     mark.c:75:17: warning: a function declaration without a prototype is deprecated in all versions of C [-Wstrict-prototypes]
     mark.c:118:34: warning: a function declaration without a prototype is deprecated in all versions of C [-Wstrict-prototypes]
     mark.c:119:32: warning: a function declaration without a prototype is deprecated in all versions of C [-Wstrict-prototypes]
     nanotime.c:61:22: warning: a function declaration without a prototype is deprecated in all versions of C [-Wstrict-prototypes]
     nanotime.c:71:29: warning: a function declaration without a prototype is deprecated in all versions of C [-Wstrict-prototypes]
     process_memory.c:79:27: warning: a function declaration without a prototype is deprecated in all versions of C [-Wstrict-prototypes]
    See ‘/data/gannet/ripley/R/packages/tests-clang/bench.Rcheck/00install.out’ for details.
    * used C compiler: ‘clang version 15.0.7’
Flavor: r-devel-linux-x86_64-fedora-clang

Version: 1.1.2
Check: whether package can be installed
Result: WARN
    Found the following significant warnings:
     load.c:11:6: warning: function declaration isn’t a prototype [-Wstrict-prototypes]
     nanotime.h:6:1: warning: function declaration isn’t a prototype [-Wstrict-prototypes]
     nanotime.h:7:1: warning: function declaration isn’t a prototype [-Wstrict-prototypes]
     mark.c:75:6: warning: function declaration isn’t a prototype [-Wstrict-prototypes]
     mark.c:118:1: warning: function declaration isn’t a prototype [-Wstrict-prototypes]
     mark.c:119:1: warning: function declaration isn’t a prototype [-Wstrict-prototypes]
     nanotime.c:61:13: warning: function declaration isn’t a prototype [-Wstrict-prototypes]
     nanotime.c:71:13: warning: function declaration isn’t a prototype [-Wstrict-prototypes]
     process_memory.c:79:6: warning: function declaration isn’t a prototype [-Wstrict-prototypes]
    See ‘/data/gannet/ripley/R/packages/tests-devel/bench.Rcheck/00install.out’ for details.
    * used C compiler: ‘gcc (GCC) 12.2.1 20221121 (Red Hat 12.2.1-4)’
Flavor: r-devel-linux-x86_64-fedora-gcc