CRAN Package Check Results for Package bestSDP

Last updated on 2024-06-17 06:50:11 CEST.

Flavor Version Tinstall Tcheck Ttotal Status Flags
r-devel-linux-x86_64-debian-clang 0.1.2 3.19 34.88 38.07 NOTE
r-devel-linux-x86_64-debian-gcc 0.1.2 3.04 26.68 29.72 NOTE
r-devel-linux-x86_64-fedora-clang 0.1.2 49.48 NOTE
r-devel-linux-x86_64-fedora-gcc 0.1.2 46.85 NOTE
r-devel-windows-x86_64 0.1.2 6.00 46.00 52.00 NOTE
r-patched-linux-x86_64 0.1.2 4.19 32.89 37.08 NOTE
r-release-linux-x86_64 0.1.2 3.79 33.70 37.49 NOTE
r-release-macos-arm64 0.1.2 20.00 NOTE
r-release-macos-x86_64 0.1.2 29.00 NOTE
r-release-windows-x86_64 0.1.2 7.00 46.00 53.00 NOTE
r-oldrel-macos-arm64 0.1.2 21.00 NOTE
r-oldrel-macos-x86_64 0.1.2 26.00 NOTE
r-oldrel-windows-x86_64 0.1.2 6.00 51.00 57.00 NOTE

Check Details

Version: 0.1.2
Check: LazyData
Result: NOTE 'LazyData' is specified without a 'data' directory Flavors: r-devel-linux-x86_64-debian-clang, r-devel-linux-x86_64-debian-gcc, r-devel-linux-x86_64-fedora-clang, r-devel-linux-x86_64-fedora-gcc, r-devel-windows-x86_64, r-patched-linux-x86_64, r-release-linux-x86_64, r-release-macos-arm64, r-release-macos-x86_64, r-release-windows-x86_64, r-oldrel-macos-arm64, r-oldrel-macos-x86_64, r-oldrel-windows-x86_64

Version: 0.1.2
Check: dependencies in R code
Result: NOTE Namespaces in Imports field not imported from: ‘DT’ ‘dplyr’ ‘ggplot2’ ‘readxl’ ‘rlist’ ‘shinyBS’ ‘shinyWidgets’ ‘shinydashboard’ ‘shinyjs’ ‘shinythemes’ ‘stringr’ ‘tidyr’ All declared Imports should be used. Flavors: r-devel-linux-x86_64-fedora-clang, r-devel-linux-x86_64-fedora-gcc