CRAN Package Check Results for Package bettermc

Last updated on 2022-12-09 05:54:01 CET.

Flavor Version Tinstall Tcheck Ttotal Status Flags
r-devel-linux-x86_64-debian-clang 1.1.2 4.97 53.55 58.52 NOTE
r-devel-linux-x86_64-debian-gcc 1.1.2 3.89 44.76 48.65 NOTE
r-devel-linux-x86_64-fedora-clang 1.1.2 85.74 NOTE
r-devel-linux-x86_64-fedora-gcc 1.1.2 82.97 NOTE
r-devel-windows-x86_64 1.1.2 28.00 90.00 118.00 NOTE
r-patched-linux-x86_64 1.1.2 4.86 50.73 55.59 OK
r-release-linux-x86_64 1.1.2 4.82 53.05 57.87 OK
r-release-macos-arm64 1.1.2 49.00 OK
r-release-macos-x86_64 1.1.2 60.00 OK
r-release-windows-x86_64 1.1.2 31.00 81.00 112.00 OK
r-oldrel-macos-arm64 1.1.2 51.00 OK
r-oldrel-macos-x86_64 1.1.2 64.00 OK
r-oldrel-windows-ix86+x86_64 1.1.2 16.00 109.00 125.00 OK

Additional issues

noSuggests

Check Details

Version: 1.1.2
Check: package subdirectories
Result: NOTE
    Problems with news in 'NEWS.md':
    No news entries found.
Flavors: r-devel-linux-x86_64-debian-clang, r-devel-linux-x86_64-debian-gcc, r-devel-linux-x86_64-fedora-clang, r-devel-linux-x86_64-fedora-gcc, r-devel-windows-x86_64