CRAN Package Check Results for Package beyondWhittle

Last updated on 2021-11-27 05:49:31 CET.

Flavor Version Tinstall Tcheck Ttotal Status Flags
r-devel-linux-x86_64-debian-clang 1.1.1 OK
r-devel-linux-x86_64-debian-gcc 1.1.1 100.08 36.44 136.52 OK
r-devel-linux-x86_64-fedora-clang 1.1.1 305.00 OK
r-devel-linux-x86_64-fedora-gcc 1.1.1 264.21 OK
r-devel-windows-x86_64-new-UL 1.1.1 207.00 114.00 321.00 OK
r-devel-windows-x86_64-new-TK 1.1.1 OK
r-devel-windows-x86_64-old 1.1.1 156.00 79.00 235.00 OK
r-patched-linux-x86_64 1.1.1 125.28 45.85 171.13 OK
r-patched-solaris-x86 1.1.1 246.90 OK
r-release-linux-x86_64 1.1.1 OK
r-release-macos-arm64 1.1.1 NOTE
r-release-macos-x86_64 1.1.1 NOTE
r-release-windows-ix86+x86_64 1.1.1 374.00 71.00 445.00 OK
r-oldrel-macos-x86_64 1.1.1 NOTE
r-oldrel-windows-ix86+x86_64 1.1.1 318.00 90.00 408.00 OK

Check Details

Version: 1.1.1
Check: installed package size
Result: NOTE
     installed size is 6.0Mb
     sub-directories of 1Mb or more:
     libs 5.6Mb
Flavors: r-release-macos-arm64, r-release-macos-x86_64, r-oldrel-macos-x86_64