CRAN Package Check Results for Package bfp

Last updated on 2020-09-23 08:08:24 CEST.

Flavor Version Tinstall Tcheck Ttotal Status Flags
r-devel-linux-x86_64-debian-clang 0.0-41 59.92 84.04 143.96 OK
r-devel-linux-x86_64-debian-gcc 0.0-41 44.30 54.46 98.76 OK
r-devel-linux-x86_64-fedora-clang 0.0-41 200.79 OK
r-devel-linux-x86_64-fedora-gcc 0.0-41 169.41 OK
r-devel-windows-ix86+x86_64 0.0-41 135.00 187.00 322.00 OK
r-patched-linux-x86_64 0.0-41 44.65 77.36 122.01 OK
r-patched-solaris-x86 0.0-41 201.80 OK
r-release-linux-x86_64 0.0-41 44.62 78.61 123.23 OK
r-release-macos-x86_64 0.0-41 ERROR
r-release-windows-ix86+x86_64 0.0-41 116.00 188.00 304.00 OK
r-oldrel-macos-x86_64 0.0-41 OK
r-oldrel-windows-ix86+x86_64 0.0-41 95.00 189.00 284.00 OK

Check Details

Version: 0.0-41
Check: whether package can be installed
Result: ERROR
    Installation failed.
Flavor: r-release-macos-x86_64