CRAN Package Check Results for Package biblionetwork

Last updated on 2021-10-24 05:54:59 CEST.

Flavor Version Tinstall Tcheck Ttotal Status Flags
r-devel-linux-x86_64-debian-clang 0.1.0 3.20 42.35 45.55 OK
r-devel-linux-x86_64-debian-gcc 0.1.0 2.41 33.21 35.62 OK
r-devel-linux-x86_64-fedora-clang 0.1.0 60.27 NOTE
r-devel-linux-x86_64-fedora-gcc 0.1.0 49.96 NOTE
r-devel-windows-x86_64 0.1.0 6.00 55.00 61.00 OK
r-devel-windows-x86_64-gcc10-UCRT 0.1.0 NOTE
r-patched-linux-x86_64 0.1.0 3.36 39.28 42.64 OK
r-patched-solaris-x86 0.1.0 74.60 NOTE
r-release-linux-x86_64 0.1.0 3.33 39.63 42.96 OK
r-release-macos-arm64 0.1.0 NOTE
r-release-macos-x86_64 0.1.0 NOTE
r-release-windows-ix86+x86_64 0.1.0 6.00 53.00 59.00 OK
r-oldrel-macos-x86_64 0.1.0 NOTE
r-oldrel-windows-ix86+x86_64 0.1.0 7.00 54.00 61.00 OK

Check Details

Version: 0.1.0
Check: data for non-ASCII characters
Result: NOTE
     Note: found 99 marked UTF-8 strings
Flavors: r-devel-linux-x86_64-fedora-clang, r-devel-linux-x86_64-fedora-gcc, r-devel-windows-x86_64-gcc10-UCRT, r-patched-solaris-x86, r-release-macos-arm64, r-release-macos-x86_64, r-oldrel-macos-x86_64