CRAN Package Check Results for Package bigDM

Last updated on 2024-02-25 06:08:23 CET.

Flavor Version Tinstall Tcheck Ttotal Status Flags
r-devel-linux-x86_64-debian-clang 0.5.3 25.17 171.81 196.98 NOTE
r-devel-linux-x86_64-debian-gcc 0.5.3 21.52 127.64 149.16 NOTE
r-devel-linux-x86_64-fedora-clang 0.5.3 260.90 NOTE
r-devel-linux-x86_64-fedora-gcc 0.5.3 249.92 NOTE
r-devel-windows-x86_64 0.5.3 26.00 142.00 168.00 OK
r-patched-linux-x86_64 0.5.3 25.51 165.47 190.98 NOTE
r-release-linux-x86_64 0.5.3 24.18 168.85 193.03 NOTE
r-release-macos-arm64 0.5.3 77.00 NOTE
r-release-macos-x86_64 0.5.3 169.00 NOTE
r-release-windows-x86_64 0.5.3 33.00 175.00 208.00 NOTE
r-oldrel-macos-arm64 0.5.3 79.00 NOTE
r-oldrel-windows-x86_64 0.5.3 35.00 170.00 205.00 NOTE

Check Details

Version: 0.5.3
Check: package dependencies
Result: NOTE Package suggested but not available for checking: ‘INLA’ Flavors: r-devel-linux-x86_64-debian-clang, r-devel-linux-x86_64-debian-gcc, r-patched-linux-x86_64, r-release-linux-x86_64, r-release-macos-arm64, r-release-macos-x86_64, r-release-windows-x86_64, r-oldrel-macos-arm64, r-oldrel-windows-x86_64

Version: 0.5.3
Check: data for non-ASCII characters
Result: NOTE Note: found 940 marked Latin-1 strings Flavors: r-devel-linux-x86_64-fedora-clang, r-devel-linux-x86_64-fedora-gcc

Version: 0.5.3
Check: installed package size
Result: NOTE installed size is 5.6Mb sub-directories of 1Mb or more: data 5.2Mb Flavors: r-release-macos-arm64, r-release-macos-x86_64, r-oldrel-macos-arm64