CRAN Package Check Results for Package bigrquery

Last updated on 2019-08-21 05:46:47 CEST.

Flavor Version Tinstall Tcheck Ttotal Status Flags
r-devel-linux-x86_64-debian-clang 1.2.0 22.03 47.39 69.42 OK
r-devel-linux-x86_64-debian-gcc 1.2.0 21.29 36.06 57.35 OK
r-devel-linux-x86_64-fedora-clang 1.2.0 93.45 OK
r-devel-linux-x86_64-fedora-gcc 1.2.0 90.17 OK
r-devel-windows-ix86+x86_64 1.2.0 67.00 117.00 184.00 OK
r-patched-linux-x86_64 1.2.0 23.89 45.94 69.83 OK
r-patched-solaris-x86 1.2.0 107.50 WARN
r-release-linux-x86_64 1.2.0 22.45 44.96 67.41 OK
r-release-windows-ix86+x86_64 1.2.0 53.00 84.00 137.00 OK
r-release-osx-x86_64 1.2.0 OK
r-oldrel-windows-ix86+x86_64 1.2.0 56.00 114.00 170.00 OK
r-oldrel-osx-x86_64 1.2.0 OK

Check Details

Version: 1.2.0
Check: for unstated dependencies in ‘tests’
Result: WARN
    Warning in deparse(e[[2L]]) :
     it is not known that wchar_t is Unicode on this platform
    Warning in deparse(e[[2L]]) :
     it is not known that wchar_t is Unicode on this platform
Flavor: r-patched-solaris-x86