Last updated on 2019-12-14 05:47:23 CET.
Flavor | Version | Tinstall | Tcheck | Ttotal | Status | Flags |
---|---|---|---|---|---|---|
r-devel-linux-x86_64-debian-clang | 1.2.0 | 30.21 | 51.61 | 81.82 | OK | |
r-devel-linux-x86_64-debian-gcc | 1.2.0 | 19.67 | 39.55 | 59.22 | OK | |
r-devel-linux-x86_64-fedora-clang | 1.2.0 | 101.52 | OK | |||
r-devel-linux-x86_64-fedora-gcc | 1.2.0 | 96.19 | OK | |||
r-devel-windows-ix86+x86_64 | 1.2.0 | 56.00 | 127.00 | 183.00 | OK | |
r-devel-windows-ix86+x86_64-gcc8 | 1.2.0 | 61.00 | 132.00 | 193.00 | OK | |
r-patched-linux-x86_64 | 1.2.0 | 20.70 | 45.49 | 66.19 | OK | |
r-patched-solaris-x86 | 1.2.0 | 105.40 | WARN | |||
r-release-linux-x86_64 | 1.2.0 | 21.64 | 45.34 | 66.98 | OK | |
r-release-windows-ix86+x86_64 | 1.2.0 | 51.00 | 94.00 | 145.00 | OK | |
r-release-osx-x86_64 | 1.2.0 | OK | ||||
r-oldrel-windows-ix86+x86_64 | 1.2.0 | 52.00 | 79.00 | 131.00 | OK | |
r-oldrel-osx-x86_64 | 1.2.0 | OK |
Version: 1.2.0
Check: for unstated dependencies in ‘tests’
Result: WARN
Warning in deparse(e[[2L]]) :
it is not known that wchar_t is Unicode on this platform
Warning in deparse(e[[2L]]) :
it is not known that wchar_t is Unicode on this platform
Flavor: r-patched-solaris-x86