CRAN Package Check Results for Package bimets

Last updated on 2022-01-22 05:10:10 CET.

Flavor Version Tinstall Tcheck Ttotal Status Flags
r-devel-linux-x86_64-debian-clang 2.0.1 6.19 171.56 177.75 OK
r-devel-linux-x86_64-debian-gcc 2.0.1 4.90 127.57 132.47 OK
r-devel-linux-x86_64-fedora-clang 2.0.1 212.89 OK
r-devel-linux-x86_64-fedora-gcc 2.0.1 205.93 OK
r-devel-windows-x86_64-new-UL 2.0.1 79.00 207.00 286.00 OK
r-devel-windows-x86_64-new-TK 2.0.1 OK
r-patched-linux-x86_64 2.0.1 9.68 170.61 180.29 OK
r-release-linux-x86_64 2.0.1 6.19 167.97 174.16 OK
r-release-macos-arm64 2.0.1 OK
r-release-macos-x86_64 2.0.1 WARN --as-cran
r-release-windows-ix86+x86_64 2.0.1 12.00 187.00 199.00 OK
r-oldrel-macos-x86_64 1.5.3 OK
r-oldrel-windows-ix86+x86_64 2.0.1 11.00 193.00 204.00 OK

Check Details

Version: 2.0.1
Flags: --as-cran
Check: CRAN incoming feasibility
Result: WARN
    Maintainer: ‘Andrea Luciani <andrea.luciani@bancaditalia.it>’
    
    Insufficient package version (submitted: 2.0.1, existing: 2.0.1)
    
    Days since last update: 1
Flavor: r-release-macos-x86_64

Version: 2.0.1
Flags: --as-cran
Check: top-level files
Result: NOTE
    Files ‘README.md’ or ‘NEWS.md’ cannot be checked without ‘pandoc’ being installed.
Flavor: r-release-macos-x86_64

Version: 2.0.1
Flags: --as-cran
Check: sizes of PDF files under ‘inst/doc’
Result: NOTE
    Unable to find GhostScript executable to run checks on size reduction
Flavor: r-release-macos-x86_64