CRAN Package Check Results for Package binGroup2

Last updated on 2021-01-16 05:46:59 CET.

Flavor Version Tinstall Tcheck Ttotal Status Flags
r-devel-linux-x86_64-debian-clang 1.0.2 80.91 137.26 218.17 OK
r-devel-linux-x86_64-debian-gcc 1.0.2 56.73 99.00 155.73 OK
r-devel-linux-x86_64-fedora-clang 1.0.2 278.44 OK
r-devel-linux-x86_64-fedora-gcc 1.0.2 265.02 OK
r-devel-windows-ix86+x86_64 1.0.2 126.00 174.00 300.00 WARN
r-patched-linux-x86_64 1.0.2 65.96 125.57 191.53 OK
r-patched-solaris-x86 1.0.2 274.80 OK
r-release-linux-x86_64 1.0.2 68.16 124.34 192.50 OK
r-release-macos-x86_64 1.0.2 NOTE
r-release-windows-ix86+x86_64 1.0.2 136.00 168.00 304.00 OK
r-oldrel-macos-x86_64 1.0.2 NOTE
r-oldrel-windows-ix86+x86_64 1.0.2 143.00 143.00 286.00 OK

Check Details

Version: 1.0.2
Check: S3 generic/method consistency
Result: WARN
    Error: package or namespace load failed for 'binGroup2':
     package 'Rcpp' does not have a namespace
    Call sequence:
    6: stop(msg, call. = FALSE, domain = NA)
    5: value[[3L]](cond)
    4: tryCatchOne(expr, names, parentenv, handlers[[1L]])
    3: tryCatchList(expr, classes, parentenv, handlers)
    2: tryCatch({
     attr(package, "LibPath") <- which.lib.loc
     ns <- loadNamespace(package, lib.loc)
     env <- attachNamespace(ns, pos = pos, deps, exclude, include.only)
     }, error = function(e) {
     P <- if (!is.null(cc <- conditionCall(e)))
     paste(" in", deparse(cc)[1L])
     else ""
     msg <- gettextf("package or namespace load failed for %s%s:\n %s",
     sQuote(package), P, conditionMessage(e))
     if (logical.return)
     message(paste("Error:", msg), domain = NA)
     else stop(msg, call. = FALSE, domain = NA)
     })
    1: library(package, lib.loc = lib.loc, character.only = TRUE, verbose = FALSE)
    Execution halted
    See section 'Generic functions and methods' in the 'Writing R
    Extensions' manual.
Flavor: r-devel-windows-ix86+x86_64

Version: 1.0.2
Check: installed package size
Result: NOTE
     installed size is 5.9Mb
     sub-directories of 1Mb or more:
     libs 5.0Mb
Flavors: r-release-macos-x86_64, r-oldrel-macos-x86_64