CRAN Package Check Results for Package bingadsR

Last updated on 2024-06-13 06:57:55 CEST.

Flavor Version Tinstall Tcheck Ttotal Status Flags
r-devel-linux-x86_64-debian-clang 0.1.0 1.93 28.06 29.99 OK
r-devel-linux-x86_64-debian-gcc 0.1.0 1.42 19.51 20.93 ERROR
r-devel-linux-x86_64-fedora-clang 0.1.0 39.53 OK
r-devel-linux-x86_64-fedora-gcc 0.1.0 49.70 OK
r-devel-windows-x86_64 0.1.0 3.00 42.00 45.00 OK
r-patched-linux-x86_64 0.1.0 1.85 26.95 28.80 OK
r-release-linux-x86_64 0.1.0 1.91 26.34 28.25 OK
r-release-macos-arm64 0.1.0 22.00 OK
r-release-macos-x86_64 0.1.0 34.00 OK
r-release-windows-x86_64 0.1.0 4.00 44.00 48.00 OK
r-oldrel-macos-arm64 0.1.0 22.00 OK
r-oldrel-macos-x86_64 0.1.0 32.00 OK
r-oldrel-windows-x86_64 0.1.0 3.00 46.00 49.00 OK

Check Details

Version: 0.1.0
Check: package dependencies
Result: NOTE Packages suggested but not available for checking: 'dplyr', 'ggplot2', 'tidyr' Flavor: r-devel-linux-x86_64-debian-gcc

Version: 0.1.0
Check: re-building of vignette outputs
Result: ERROR Error(s) in re-building vignettes: ... --- re-building ‘tutorial.Rmd’ using rmarkdown Quitting from lines 20-24 [setup] (tutorial.Rmd) Error: processing vignette 'tutorial.Rmd' failed with diagnostics: there is no package called 'dplyr' --- failed re-building ‘tutorial.Rmd’ SUMMARY: processing the following file failed: ‘tutorial.Rmd’ Error: Vignette re-building failed. Execution halted Flavor: r-devel-linux-x86_64-debian-gcc