CRAN Package Check Results for Package binom

Last updated on 2024-07-12 06:53:01 CEST.

Flavor Version Tinstall Tcheck Ttotal Status Flags
r-devel-linux-x86_64-debian-clang 1.1-1.1 5.18 50.06 55.24 NOTE
r-devel-linux-x86_64-debian-gcc 1.1-1.1 3.65 36.46 40.11 NOTE
r-devel-linux-x86_64-fedora-clang 1.1-1.1 70.91 NOTE
r-devel-linux-x86_64-fedora-gcc 1.1-1.1 66.67 NOTE
r-devel-windows-x86_64 1.1-1.1 6.00 59.00 65.00 NOTE
r-patched-linux-x86_64 1.1-1.1 5.38 47.59 52.97 NOTE
r-release-linux-x86_64 1.1-1.1 4.51 47.23 51.74 NOTE
r-release-macos-arm64 1.1-1.1 23.00 NOTE
r-release-macos-x86_64 1.1-1.1 57.00 NOTE
r-release-windows-x86_64 1.1-1.1 7.00 59.00 66.00 NOTE
r-oldrel-macos-arm64 1.1-1.1 26.00 OK
r-oldrel-macos-x86_64 1.1-1.1 36.00 OK
r-oldrel-windows-x86_64 1.1-1.1 7.00 65.00 72.00 OK

Check Details

Version: 1.1-1.1
Check: Rd files
Result: NOTE checkRd: (-1) binom.confint.Rd:28-29: Lost braces in \itemize; meant \describe ? checkRd: (-1) binom.confint.Rd:30-31: Lost braces in \itemize; meant \describe ? checkRd: (-1) binom.confint.Rd:32-37: Lost braces in \itemize; meant \describe ? checkRd: (-1) binom.confint.Rd:38: Lost braces in \itemize; meant \describe ? checkRd: (-1) binom.confint.Rd:39-40: Lost braces in \itemize; meant \describe ? checkRd: (-1) binom.confint.Rd:41: Lost braces in \itemize; meant \describe ? checkRd: (-1) binom.confint.Rd:42: Lost braces in \itemize; meant \describe ? checkRd: (-1) binom.confint.Rd:43: Lost braces in \itemize; meant \describe ? checkRd: (-1) binom.confint.Rd:44: Lost braces in \itemize; meant \describe ? checkRd: (-1) binom.confint.Rd:45: Lost braces in \itemize; meant \describe ? Flavors: r-devel-linux-x86_64-debian-clang, r-devel-linux-x86_64-debian-gcc, r-devel-linux-x86_64-fedora-clang, r-devel-linux-x86_64-fedora-gcc, r-devel-windows-x86_64, r-patched-linux-x86_64, r-release-linux-x86_64, r-release-macos-arm64, r-release-macos-x86_64, r-release-windows-x86_64

Version: 1.1-1.1
Check: compiled code
Result: NOTE File ‘binom/libs/binom.so’: Found no calls to: ‘R_registerRoutines’, ‘R_useDynamicSymbols’ It is good practice to register native routines and to disable symbol search. See ‘Writing portable packages’ in the ‘Writing R Extensions’ manual. Flavors: r-devel-linux-x86_64-fedora-clang, r-devel-linux-x86_64-fedora-gcc