CRAN Package Check Results for Package bioOED

Last updated on 2019-08-22 05:46:56 CEST.

Flavor Version Tinstall Tcheck Ttotal Status Flags
r-devel-linux-x86_64-debian-clang 0.2.1 7.32 74.44 81.76 OK
r-devel-linux-x86_64-debian-gcc 0.2.1 7.20 56.27 63.47 OK
r-devel-linux-x86_64-fedora-clang 0.2.1 100.94 OK
r-devel-linux-x86_64-fedora-gcc 0.2.1 98.06 OK
r-devel-windows-ix86+x86_64 0.2.1 29.00 127.00 156.00 OK
r-patched-linux-x86_64 0.2.1 6.92 70.15 77.07 OK
r-patched-solaris-x86 0.2.1 132.00 OK
r-release-linux-x86_64 0.2.1 7.81 72.25 80.06 OK
r-release-windows-ix86+x86_64 0.2.1 48.00 138.00 186.00 OK
r-release-osx-x86_64 0.2.1 ERROR
r-oldrel-windows-ix86+x86_64 0.2.1 18.00 148.00 166.00 OK
r-oldrel-osx-x86_64 0.2.1 OK

Check Details

Version: 0.2.1
Check: package dependencies
Result: ERROR
    Package required but not available: ‘MEIGOR’
    
    See section ‘The DESCRIPTION file’ in the ‘Writing R Extensions’
    manual.
Flavor: r-release-osx-x86_64