CRAN Package Check Results for Package biomod2

Last updated on 2021-12-06 05:53:04 CET.

Flavor Version Tinstall Tcheck Ttotal Status Flags
r-devel-linux-x86_64-debian-clang 3.5.1 61.74 416.53 478.27 OK
r-devel-linux-x86_64-debian-gcc 3.5.1 54.49 311.02 365.51 OK
r-devel-linux-x86_64-fedora-clang 3.5.1 588.29 NOTE
r-devel-linux-x86_64-fedora-gcc 3.5.1 567.50 NOTE
r-devel-windows-x86_64-new-UL 3.5.1 105.00 465.00 570.00 OK
r-devel-windows-x86_64-new-TK 3.5.1 NOTE
r-devel-windows-x86_64-old 3.5.1 64.00 328.00 392.00 OK
r-patched-linux-x86_64 3.5.1 62.93 391.32 454.25 OK
r-release-linux-x86_64 3.5.1 59.66 400.54 460.20 OK
r-release-macos-arm64 3.5.1 NOTE
r-release-macos-x86_64 3.5.1 NOTE
r-release-windows-ix86+x86_64 3.5.1 131.00 465.00 596.00 OK
r-oldrel-macos-x86_64 3.5.1 NOTE
r-oldrel-windows-ix86+x86_64 3.5.1 132.00 471.00 603.00 OK

Check Details

Version: 3.5.1
Check: package dependencies
Result: NOTE
    Imports includes 27 non-default packages.
    Importing from so many packages makes the package vulnerable to any of
    them becoming unavailable. Move as many as possible to Suggests and
    use conditionally.
Flavor: r-devel-linux-x86_64-fedora-clang

Version: 3.5.1
Check: dependencies in R code
Result: NOTE
    Namespace in Imports field not imported from: ‘doParallel’
     All declared Imports should be used.
Flavors: r-devel-linux-x86_64-fedora-clang, r-devel-linux-x86_64-fedora-gcc, r-devel-windows-x86_64-new-TK, r-release-macos-arm64, r-release-macos-x86_64, r-oldrel-macos-x86_64