CRAN Package Check Results for Package biosignalEMG

Last updated on 2021-09-21 05:50:55 CEST.

Flavor Version Tinstall Tcheck Ttotal Status Flags
r-devel-linux-x86_64-debian-clang 2.1.0 4.44 37.48 41.92 OK
r-devel-linux-x86_64-debian-gcc 2.1.0 3.24 29.63 32.87 OK
r-devel-linux-x86_64-fedora-clang 2.1.0 58.36 OK
r-devel-linux-x86_64-fedora-gcc 2.1.0 49.25 OK
r-devel-windows-x86_64 2.1.0 6.00 39.00 45.00 OK
r-devel-windows-x86_64-gcc10-UCRT 2.1.0 ERROR
r-patched-linux-x86_64 2.1.0 4.77 37.08 41.85 OK
r-patched-solaris-x86 2.1.0 72.40 OK
r-release-linux-x86_64 2.1.0 3.40 37.09 40.49 OK
r-release-macos-arm64 2.1.0 OK
r-release-macos-x86_64 2.1.0 OK
r-release-windows-ix86+x86_64 2.1.0 8.00 44.00 52.00 OK
r-oldrel-macos-x86_64 2.1.0 OK
r-oldrel-windows-ix86+x86_64 2.1.0 7.00 43.00 50.00 OK

Check Details

Version: 2.1.0
Check: whether package can be installed
Result: WARN
    Found the following significant warnings:
     WARNING: installation-time patches will not be applied, could not get the patches index
Flavor: r-devel-windows-x86_64-gcc10-UCRT

Version: 2.1.0
Check: PDF version of manual
Result: WARN
    LaTeX errors when creating PDF version.
    This typically indicates Rd problems.
Flavor: r-devel-windows-x86_64-gcc10-UCRT

Version: 2.1.0
Check: PDF version of manual without hyperrefs or index
Result: ERROR
    Re-running with no redirection of stdout/stderr.
Flavor: r-devel-windows-x86_64-gcc10-UCRT