CRAN Package Check Results for Package biostat3

Last updated on 2022-08-16 05:53:54 CEST.

Flavor Version Tinstall Tcheck Ttotal Status Flags
r-devel-linux-x86_64-debian-clang 0.1.6 10.78 75.77 86.55 OK
r-devel-linux-x86_64-debian-gcc 0.1.6 7.26 58.12 65.38 OK
r-devel-linux-x86_64-fedora-clang 0.1.6 110.38 NOTE
r-devel-linux-x86_64-fedora-gcc 0.1.6 107.93 OK
r-devel-windows-x86_64 0.1.6 50.00 107.00 157.00 NOTE
r-patched-linux-x86_64 0.1.6 10.65 72.02 82.67 OK
r-release-linux-x86_64 0.1.6 9.76 72.75 82.51 OK
r-release-macos-arm64 0.1.6 35.00 NOTE
r-release-macos-x86_64 0.1.6 45.00 NOTE
r-release-windows-x86_64 0.1.6 42.00 106.00 148.00 NOTE
r-oldrel-macos-arm64 0.1.6 36.00 NOTE
r-oldrel-macos-x86_64 0.1.6 48.00 NOTE
r-oldrel-windows-ix86+x86_64 0.1.6 20.00 101.00 121.00 NOTE

Check Details

Version: 0.1.6
Check: installed package size
Result: NOTE
     installed size is 6.1Mb
     sub-directories of 1Mb or more:
     doc 5.5Mb
Flavors: r-devel-linux-x86_64-fedora-clang, r-devel-windows-x86_64, r-release-macos-arm64, r-release-macos-x86_64, r-release-windows-x86_64, r-oldrel-macos-arm64, r-oldrel-macos-x86_64, r-oldrel-windows-ix86+x86_64