CRAN Package Check Results for Package bipartite

Last updated on 2020-02-27 05:48:40 CET.

Flavor Version Tinstall Tcheck Ttotal Status Flags
r-devel-linux-x86_64-debian-clang 2.14 31.16 230.28 261.44 OK
r-devel-linux-x86_64-debian-gcc 2.14 24.03 168.21 192.24 OK
r-devel-linux-x86_64-fedora-clang 2.14 300.87 OK
r-devel-linux-x86_64-fedora-gcc 2.14 292.00 OK
r-devel-windows-ix86+x86_64 2.14 49.00 270.00 319.00 NOTE
r-devel-windows-ix86+x86_64-gcc8 2.14 53.00 290.00 343.00 NOTE
r-patched-linux-x86_64 2.14 24.64 198.07 222.71 OK
r-patched-solaris-x86 2.14 344.50 OK
r-release-linux-x86_64 2.14 24.69 199.29 223.98 OK
r-release-windows-ix86+x86_64 2.14 49.00 257.00 306.00 NOTE
r-release-osx-x86_64 2.14 OK
r-oldrel-windows-ix86+x86_64 2.14 32.00 229.00 261.00 NOTE
r-oldrel-osx-x86_64 2.14 OK

Check Details

Version: 2.14
Check: installed package size
Result: NOTE
     installed size is 5.3Mb
     sub-directories of 1Mb or more:
     doc 2.9Mb
     libs 1.5Mb
Flavors: r-devel-windows-ix86+x86_64, r-devel-windows-ix86+x86_64-gcc8, r-release-windows-ix86+x86_64, r-oldrel-windows-ix86+x86_64