CRAN Package Check Results for Package bipartite

Last updated on 2019-09-18 05:46:54 CEST.

Flavor Version Tinstall Tcheck Ttotal Status Flags
r-devel-linux-x86_64-debian-clang 2.13 25.68 205.01 230.69 OK
r-devel-linux-x86_64-debian-gcc 2.13 21.36 151.59 172.95 OK
r-devel-linux-x86_64-fedora-clang 2.13 278.32 OK
r-devel-linux-x86_64-fedora-gcc 2.13 264.13 OK
r-devel-windows-ix86+x86_64 2.13 61.00 348.00 409.00 NOTE
r-patched-linux-x86_64 2.13 19.45 198.95 218.40 OK
r-patched-solaris-x86 2.13 338.90 OK
r-release-linux-x86_64 2.13 23.81 197.31 221.12 OK
r-release-windows-ix86+x86_64 2.13 50.00 275.00 325.00 NOTE
r-release-osx-x86_64 2.13 OK
r-oldrel-windows-ix86+x86_64 2.13 57.00 223.00 280.00 NOTE
r-oldrel-osx-x86_64 2.13 OK

Additional issues

LTO

Check Details

Version: 2.13
Check: installed package size
Result: NOTE
     installed size is 5.4Mb
     sub-directories of 1Mb or more:
     doc 2.9Mb
     libs 1.5Mb
Flavors: r-devel-windows-ix86+x86_64, r-release-windows-ix86+x86_64, r-oldrel-windows-ix86+x86_64