Last updated on 2023-01-28 05:56:16 CET.
Flavor | Version | Tinstall | Tcheck | Ttotal | Status | Flags |
---|---|---|---|---|---|---|
r-devel-linux-x86_64-debian-clang | 0.3 | 11.58 | 123.49 | 135.07 | OK | |
r-devel-linux-x86_64-debian-gcc | 0.3 | 10.68 | 92.96 | 103.64 | OK | |
r-devel-linux-x86_64-fedora-clang | 0.3 | 177.36 | NOTE | |||
r-devel-linux-x86_64-fedora-gcc | 0.3 | 180.55 | NOTE | |||
r-devel-windows-x86_64 | 0.3 | 26.00 | 149.00 | 175.00 | OK | |
r-patched-linux-x86_64 | 0.3 | 16.02 | 119.54 | 135.56 | OK | |
r-release-linux-x86_64 | 0.3 | 13.55 | 118.74 | 132.29 | OK | |
r-release-macos-arm64 | 0.3 | 43.00 | NOTE | |||
r-release-macos-x86_64 | 0.3 | 65.00 | NOTE | |||
r-release-windows-x86_64 | 0.3 | 25.00 | 155.00 | 180.00 | OK | |
r-oldrel-macos-arm64 | 0.3 | 98.00 | NOTE | |||
r-oldrel-macos-x86_64 | 0.3 | 109.00 | NOTE | |||
r-oldrel-windows-ix86+x86_64 | 0.3 | 29.00 | 148.00 | 177.00 | OK |
Version: 0.3
Check: dependencies in R code
Result: NOTE
Namespace in Imports field not imported from: ‘MASS’
All declared Imports should be used.
Flavors: r-devel-linux-x86_64-fedora-clang, r-devel-linux-x86_64-fedora-gcc, r-release-macos-arm64, r-release-macos-x86_64, r-oldrel-macos-arm64, r-oldrel-macos-x86_64