CRAN Package Check Results for Package biva

Last updated on 2020-06-01 05:48:08 CEST.

Flavor Version Tinstall Tcheck Ttotal Status Flags
r-devel-linux-x86_64-debian-clang 0.1.0 2.15 17.53 19.68 OK
r-devel-linux-x86_64-debian-gcc 0.1.0 1.68 14.17 15.85 OK
r-devel-linux-x86_64-fedora-clang 0.1.0 32.78 NOTE
r-devel-linux-x86_64-fedora-gcc 0.1.0 23.09 NOTE
r-devel-windows-ix86+x86_64 0.1.0 10.00 44.00 54.00 OK
r-patched-linux-x86_64 0.1.0 1.51 17.78 19.29 OK
r-patched-solaris-x86 0.1.0 37.70 NOTE
r-release-linux-x86_64 0.1.0 1.55 17.94 19.49 OK
r-release-osx-x86_64 0.1.0 NOTE
r-release-windows-ix86+x86_64 0.1.0 8.00 40.00 48.00 OK
r-oldrel-osx-x86_64 0.1.0 NOTE
r-oldrel-windows-ix86+x86_64 0.1.0 5.00 30.00 35.00 OK

Check Details

Version: 0.1.0
Check: dependencies in R code
Result: NOTE
    Namespaces in Imports field not imported from:
     ‘corrgram’ ‘rpivotTable’ ‘shinyAce’
     All declared Imports should be used.
Flavors: r-devel-linux-x86_64-fedora-clang, r-devel-linux-x86_64-fedora-gcc, r-patched-solaris-x86, r-release-osx-x86_64, r-oldrel-osx-x86_64