CRAN Package Check Results for Package bizdays

Last updated on 2021-10-16 05:51:15 CEST.

Flavor Version Tinstall Tcheck Ttotal Status Flags
r-devel-linux-x86_64-debian-clang 1.0.8 4.91 53.17 58.08 OK
r-devel-linux-x86_64-debian-gcc 1.0.8 4.43 40.54 44.97 OK
r-devel-linux-x86_64-fedora-clang 1.0.8 81.05 NOTE
r-devel-linux-x86_64-fedora-gcc 1.0.8 68.70 NOTE
r-devel-windows-x86_64 1.0.8 10.00 81.00 91.00 OK
r-devel-windows-x86_64-gcc10-UCRT 1.0.8 OK
r-patched-linux-x86_64 1.0.8 4.97 54.15 59.12 OK
r-patched-solaris-x86 1.0.8 105.90 NOTE
r-release-linux-x86_64 1.0.8 4.53 53.23 57.76 OK
r-release-macos-arm64 1.0.8 OK
r-release-macos-x86_64 1.0.8 OK
r-release-windows-ix86+x86_64 1.0.8 14.00 105.00 119.00 OK
r-oldrel-macos-x86_64 1.0.8 OK
r-oldrel-windows-ix86+x86_64 1.0.8 13.00 108.00 121.00 OK

Check Details

Version: 1.0.8
Check: package dependencies
Result: NOTE
    Package suggested but not available for checking: ‘RQuantLib’
Flavors: r-devel-linux-x86_64-fedora-clang, r-devel-linux-x86_64-fedora-gcc, r-patched-solaris-x86