CRAN Package Check Results for Package bkmrhat

Last updated on 2021-10-16 05:51:15 CEST.

Flavor Version Tinstall Tcheck Ttotal Status Flags
r-devel-linux-x86_64-debian-clang 1.1.1 14.42 253.18 267.60 OK
r-devel-linux-x86_64-debian-gcc 1.1.1 10.82 186.85 197.67 OK
r-devel-linux-x86_64-fedora-clang 1.1.1 328.31 OK
r-devel-linux-x86_64-fedora-gcc 1.1.1 316.24 OK
r-devel-windows-x86_64 1.1.1 41.00 273.00 314.00 OK
r-devel-windows-x86_64-gcc10-UCRT 1.1.1 FAIL
r-patched-linux-x86_64 1.1.1 13.41 238.00 251.41 OK
r-patched-solaris-x86 1.1.1 523.60 OK
r-release-linux-x86_64 1.1.1 14.20 238.36 252.56 OK
r-release-macos-arm64 1.1.1 OK
r-release-macos-x86_64 1.1.1 OK
r-release-windows-ix86+x86_64 1.1.1 38.00 362.00 400.00 OK
r-oldrel-macos-x86_64 1.1.1 OK
r-oldrel-windows-ix86+x86_64 1.1.1 38.00 369.00 407.00 OK

Check Details

Version: 1.1.1
Check: re-building of vignette outputs
Result: FAIL
Flavor: r-devel-windows-x86_64-gcc10-UCRT