CRAN Package Check Results for Package bliss

Last updated on 2021-12-06 05:53:04 CET.

Flavor Version Tinstall Tcheck Ttotal Status Flags
r-devel-linux-x86_64-debian-clang 1.0.2 49.48 182.72 232.20 OK
r-devel-linux-x86_64-debian-gcc 1.0.2 43.18 145.14 188.32 OK
r-devel-linux-x86_64-fedora-clang 1.0.2 311.24 NOTE
r-devel-linux-x86_64-fedora-gcc 1.0.2 294.86 OK
r-devel-windows-x86_64-new-UL 1.0.2 73.00 281.00 354.00 NOTE
r-devel-windows-x86_64-new-TK 1.0.2 OK
r-devel-windows-x86_64-old 1.0.2 67.00 185.00 252.00 NOTE
r-patched-linux-x86_64 1.0.2 48.17 174.35 222.52 OK
r-release-linux-x86_64 1.0.2 47.66 181.69 229.35 OK
r-release-macos-arm64 1.0.2 NOTE
r-release-macos-x86_64 1.0.2 NOTE
r-release-windows-ix86+x86_64 1.0.2 122.00 284.00 406.00 NOTE
r-oldrel-macos-x86_64 1.0.2 NOTE
r-oldrel-windows-ix86+x86_64 1.0.2 123.00 294.00 417.00 NOTE

Check Details

Version: 1.0.2
Check: installed package size
Result: NOTE
     installed size is 7.4Mb
     sub-directories of 1Mb or more:
     data 3.5Mb
     libs 3.0Mb
Flavors: r-devel-linux-x86_64-fedora-clang, r-devel-windows-x86_64-new-UL, r-devel-windows-x86_64-old, r-release-macos-arm64, r-release-macos-x86_64, r-release-windows-ix86+x86_64, r-oldrel-macos-x86_64, r-oldrel-windows-ix86+x86_64