CRAN Package Check Results for Package bmlm

Last updated on 2022-01-21 05:52:03 CET.

Flavor Version Tinstall Tcheck Ttotal Status Flags
r-devel-linux-x86_64-debian-clang 1.3.12 NOTE
r-devel-linux-x86_64-debian-gcc 1.3.12 210.41 87.98 298.39 NOTE
r-devel-linux-x86_64-fedora-clang 1.3.12 482.53 NOTE
r-devel-linux-x86_64-fedora-gcc 1.3.12 501.61 NOTE
r-devel-windows-x86_64-new-UL 1.3.12 168.00 165.00 333.00 NOTE
r-devel-windows-x86_64-new-TK 1.3.12 NOTE
r-patched-linux-x86_64 1.3.12 181.37 110.24 291.61 NOTE
r-release-linux-x86_64 1.3.12 229.68 108.28 337.96 NOTE
r-release-macos-arm64 1.3.12 NOTE
r-release-macos-x86_64 1.3.12 NOTE
r-release-windows-ix86+x86_64 1.3.12 281.00 139.00 420.00 NOTE
r-oldrel-macos-x86_64 1.3.12 NOTE
r-oldrel-windows-ix86+x86_64 1.3.12 236.00 8.00 244.00 ERROR

Check Details

Version: 1.3.12
Check: for GNU extensions in Makefiles
Result: NOTE
    GNU make is a SystemRequirements.
Flavors: r-devel-linux-x86_64-debian-clang, r-devel-linux-x86_64-debian-gcc, r-devel-linux-x86_64-fedora-clang, r-devel-linux-x86_64-fedora-gcc, r-devel-windows-x86_64-new-UL, r-devel-windows-x86_64-new-TK, r-patched-linux-x86_64, r-release-linux-x86_64, r-release-macos-arm64, r-release-macos-x86_64, r-release-windows-ix86+x86_64, r-oldrel-macos-x86_64

Version: 1.3.12
Check: installed package size
Result: NOTE
     installed size is 38.5Mb
     sub-directories of 1Mb or more:
     libs 38.1Mb
Flavors: r-devel-linux-x86_64-fedora-clang, r-release-macos-arm64, r-release-macos-x86_64, r-oldrel-macos-x86_64

Version: 1.3.12
Check: dependencies in R code
Result: NOTE
    Namespaces in Imports field not imported from:
     ‘RcppParallel’ ‘rstantools’
     All declared Imports should be used.
Flavors: r-devel-linux-x86_64-fedora-clang, r-devel-linux-x86_64-fedora-gcc, r-devel-windows-x86_64-new-TK, r-release-macos-arm64, r-release-macos-x86_64, r-oldrel-macos-x86_64

Version: 1.3.12
Check: whether package can be installed
Result: ERROR
    Installation failed.
Flavor: r-oldrel-windows-ix86+x86_64