CRAN Package Check Results for Package bnclassify

Last updated on 2021-03-02 05:47:37 CET.

Flavor Version Tinstall Tcheck Ttotal Status Flags
r-devel-linux-x86_64-debian-clang 0.4.5 OK
r-devel-linux-x86_64-debian-gcc 0.4.5 75.58 79.67 155.25 OK
r-devel-linux-x86_64-fedora-clang 0.4.5 310.02 NOTE
r-devel-linux-x86_64-fedora-gcc 0.4.5 273.76 OK
r-devel-windows-ix86+x86_64 0.4.5 184.00 181.00 365.00 OK
r-patched-linux-x86_64 0.4.5 90.32 109.74 200.06 OK
r-patched-solaris-x86 0.4.5 255.70 OK
r-release-linux-x86_64 0.4.5 103.07 107.66 210.73 OK
r-release-macos-x86_64 0.4.5 NOTE
r-release-windows-ix86+x86_64 0.4.5 224.00 225.00 449.00 OK
r-oldrel-macos-x86_64 0.4.5 NOTE
r-oldrel-windows-ix86+x86_64 0.4.5 174.00 208.00 382.00 OK

Check Details

Version: 0.4.5
Check: installed package size
Result: NOTE
     installed size is 7.9Mb
     sub-directories of 1Mb or more:
     libs 7.1Mb
Flavors: r-devel-linux-x86_64-fedora-clang, r-release-macos-x86_64, r-oldrel-macos-x86_64