CRAN Package Check Results for Package bnclassify

Last updated on 2019-07-16 05:48:06 CEST.

Flavor Version Tinstall Tcheck Ttotal Status Flags
r-devel-linux-x86_64-debian-clang 0.4.2 105.31 101.30 206.61 OK
r-devel-linux-x86_64-debian-gcc 0.4.2 73.70 72.96 146.66 OK
r-devel-linux-x86_64-fedora-clang 0.4.2 260.10 NOTE
r-devel-linux-x86_64-fedora-gcc 0.4.2 259.07 OK
r-devel-windows-ix86+x86_64 0.4.2 260.00 252.00 512.00 OK
r-patched-linux-x86_64 0.4.2 99.79 100.31 200.10 OK
r-patched-solaris-x86 0.4.2 237.60 OK
r-release-linux-x86_64 0.4.2 99.70 99.13 198.83 OK
r-release-windows-ix86+x86_64 0.4.2 197.00 267.00 464.00 OK
r-release-osx-x86_64 0.4.2 WARN
r-oldrel-windows-ix86+x86_64 0.4.2 255.00 193.00 448.00 OK
r-oldrel-osx-x86_64 0.4.2 NOTE

Check Details

Version: 0.4.2
Check: installed package size
Result: NOTE
     installed size is 6.6Mb
     sub-directories of 1Mb or more:
     libs 5.8Mb
Flavors: r-devel-linux-x86_64-fedora-clang, r-release-osx-x86_64, r-oldrel-osx-x86_64

Version: 0.4.2
Check: package dependencies
Result: NOTE
    Packages suggested but not available for checking:
     'graph', 'gRain', 'gRbase', 'Rgraphviz'
Flavor: r-release-osx-x86_64

Version: 0.4.2
Check: Rd cross-references
Result: NOTE
    Package unavailable to check Rd xrefs: ‘gRain’
Flavor: r-release-osx-x86_64

Version: 0.4.2
Check: re-building of vignette outputs
Result: WARN
    Error(s) in re-building vignettes:
     ...
    --- re-building ‘methods.Rmd’ using rmarkdown
    Warning in engine$weave(file, quiet = quiet, encoding = enc) :
     Pandoc (>= 1.12.3) and/or pandoc-citeproc not available. Falling back to R Markdown v1.
    --- finished re-building ‘methods.Rmd’
    
    --- re-building ‘overview.Rmd’ using rmarkdown
    Warning in engine$weave(file, quiet = quiet, encoding = enc) :
     Pandoc (>= 1.12.3) and/or pandoc-citeproc not available. Falling back to R Markdown v1.
    --- finished re-building ‘overview.Rmd’
    
    --- re-building ‘usage.rmd’ using rmarkdown
    Warning in engine$weave(file, quiet = quiet, encoding = enc) :
     Pandoc (>= 1.12.3) and/or pandoc-citeproc not available. Falling back to R Markdown v1.
    Quitting from lines 121-122 (usage.rmd)
    Error: processing vignette 'usage.rmd' failed with diagnostics:
    Package graph needed
    --- failed re-building ‘usage.rmd’
    
    SUMMARY: processing the following file failed:
     ‘usage.rmd’
    
    Error: Vignette re-building failed.
    Execution halted
Flavor: r-release-osx-x86_64