CRAN Package Check Results for Package bndovb

Last updated on 2022-05-28 05:53:04 CEST.

Flavor Version Tinstall Tcheck Ttotal Status Flags
r-devel-linux-x86_64-debian-clang 1.1 9.78 107.41 117.19 OK
r-devel-linux-x86_64-debian-gcc 1.1 9.46 83.72 93.18 OK
r-devel-linux-x86_64-fedora-clang 1.1 141.82 NOTE
r-devel-linux-x86_64-fedora-gcc 1.1 142.99 NOTE
r-devel-windows-x86_64 1.1 15.00 123.00 138.00 OK
r-patched-linux-x86_64 1.1 11.20 104.37 115.57 OK
r-release-linux-x86_64 1.1 12.38 104.19 116.57 OK
r-release-macos-arm64 1.1 62.00 NOTE
r-release-macos-x86_64 1.1 69.00 NOTE
r-release-windows-x86_64 1.1 18.00 123.00 141.00 OK
r-oldrel-macos-arm64 1.1 40.00 NOTE
r-oldrel-macos-x86_64 1.1 57.00 NOTE
r-oldrel-windows-ix86+x86_64 1.1 23.00 116.00 139.00 OK

Check Details

Version: 1.1
Check: dependencies in R code
Result: NOTE
    Namespace in Imports field not imported from: ‘dplyr’
     All declared Imports should be used.
Flavors: r-devel-linux-x86_64-fedora-clang, r-devel-linux-x86_64-fedora-gcc, r-release-macos-arm64, r-release-macos-x86_64, r-oldrel-macos-arm64, r-oldrel-macos-x86_64