CRAN Package Check Results for Package bnmonitor

Last updated on 2021-12-05 05:52:42 CET.

Flavor Version Tinstall Tcheck Ttotal Status Flags
r-devel-linux-x86_64-debian-clang 0.1.1 20.68 174.48 195.16 OK
r-devel-linux-x86_64-debian-gcc 0.1.1 15.59 132.12 147.71 OK
r-devel-linux-x86_64-fedora-clang 0.1.1 239.40 NOTE
r-devel-linux-x86_64-fedora-gcc 0.1.1 219.41 NOTE
r-devel-windows-x86_64-new-UL 0.1.1 39.00 217.00 256.00 OK
r-devel-windows-x86_64-new-TK 0.1.1 NOTE
r-devel-windows-x86_64-old 0.1.1 31.00 145.00 176.00 OK
r-patched-linux-x86_64 0.1.1 19.17 156.52 175.69 OK
r-release-linux-x86_64 0.1.1 18.95 165.78 184.73 OK
r-release-macos-arm64 0.1.1 NOTE
r-release-macos-x86_64 0.1.1 NOTE
r-release-windows-ix86+x86_64 0.1.1 43.00 205.00 248.00 OK
r-oldrel-macos-x86_64 0.1.1 NOTE
r-oldrel-windows-ix86+x86_64 0.1.1 55.00 201.00 256.00 OK

Check Details

Version: 0.1.1
Check: dependencies in R code
Result: NOTE
    Namespace in Imports field not imported from: ‘matrixcalc’
     All declared Imports should be used.
Flavors: r-devel-linux-x86_64-fedora-clang, r-devel-linux-x86_64-fedora-gcc, r-devel-windows-x86_64-new-TK, r-release-macos-arm64, r-release-macos-x86_64, r-oldrel-macos-x86_64