CRAN Package Check Results for Package bnmonitor

Last updated on 2024-06-13 06:57:55 CEST.

Flavor Version Tinstall Tcheck Ttotal Status Flags
r-devel-linux-x86_64-debian-clang 0.1.4 22.96 168.46 191.42 OK
r-devel-linux-x86_64-debian-gcc 0.1.4 0.46 1.63 2.09 ERROR
r-devel-linux-x86_64-fedora-clang 0.1.4 242.82 OK
r-devel-linux-x86_64-fedora-gcc 0.1.4 239.63 OK
r-devel-windows-x86_64 0.1.4 18.00 132.00 150.00 OK
r-patched-linux-x86_64 0.1.4 12.38 163.64 176.02 OK
r-release-linux-x86_64 0.1.4 13.20 160.33 173.53 OK
r-release-macos-arm64 0.1.4 66.00 OK
r-release-macos-x86_64 0.1.4 94.00 OK
r-release-windows-x86_64 0.1.4 18.00 133.00 151.00 OK
r-oldrel-macos-arm64 0.1.4 67.00 OK
r-oldrel-macos-x86_64 0.1.4 156.00 OK
r-oldrel-windows-x86_64 0.1.4 24.00 175.00 199.00 OK

Check Details

Version: 0.1.4
Check: package dependencies
Result: ERROR Packages required but not available: 'dplyr', 'ggplot2', 'gRain', 'gRbase', 'purrr', 'qgraph', 'reshape2', 'tidyr' Package suggested but not available for checking: ‘testthat’ See section ‘The DESCRIPTION file’ in the ‘Writing R Extensions’ manual. Flavor: r-devel-linux-x86_64-debian-gcc