CRAN Package Check Results for Package bootGOF

Last updated on 2022-11-28 04:54:36 CET.

Flavor Version Tinstall Tcheck Ttotal Status Flags
r-devel-linux-x86_64-debian-clang 0.1.0 13.71 43.53 57.24 OK
r-devel-linux-x86_64-debian-gcc 0.1.0 9.80 33.80 43.60 OK
r-devel-linux-x86_64-fedora-clang 0.1.0 83.28 NOTE
r-devel-linux-x86_64-fedora-gcc 0.1.0 80.48 NOTE
r-devel-windows-x86_64 0.1.0 37.00 80.00 117.00 OK
r-patched-linux-x86_64 0.1.0 11.90 40.21 52.11 OK
r-release-linux-x86_64 0.1.0 9.36 39.12 48.48 OK
r-release-macos-arm64 0.1.0 24.00 NOTE
r-release-macos-x86_64 0.1.0 34.00 NOTE
r-release-windows-x86_64 0.1.0 23.00 80.00 103.00 OK
r-oldrel-macos-arm64 0.1.0 31.00 NOTE
r-oldrel-macos-x86_64 0.1.0 32.00 NOTE
r-oldrel-windows-ix86+x86_64 0.1.0 19.00 76.00 95.00 OK

Check Details

Version: 0.1.0
Check: dependencies in R code
Result: NOTE
    Namespace in Imports field not imported from: ‘R6’
     All declared Imports should be used.
Flavors: r-devel-linux-x86_64-fedora-clang, r-devel-linux-x86_64-fedora-gcc, r-release-macos-arm64, r-release-macos-x86_64, r-oldrel-macos-arm64, r-oldrel-macos-x86_64