CRAN Package Check Results for Package bootGOF

Last updated on 2024-06-13 06:57:56 CEST.

Flavor Version Tinstall Tcheck Ttotal Status Flags
r-devel-linux-x86_64-debian-clang 0.1.0 12.38 45.59 57.97 OK
r-devel-linux-x86_64-debian-gcc 0.1.0 9.16 32.90 42.06 ERROR
r-devel-linux-x86_64-fedora-clang 0.1.0 77.13 NOTE
r-devel-linux-x86_64-fedora-gcc 0.1.0 86.80 NOTE
r-devel-windows-x86_64 0.1.0 10.00 59.00 69.00 OK
r-patched-linux-x86_64 0.1.0 12.32 44.00 56.32 OK
r-release-linux-x86_64 0.1.0 15.10 44.70 59.80 OK
r-release-macos-arm64 0.1.0 33.00 OK
r-release-macos-x86_64 0.1.0 47.00 OK
r-release-windows-x86_64 0.1.0 11.00 59.00 70.00 OK
r-oldrel-macos-arm64 0.1.0 34.00 OK
r-oldrel-macos-x86_64 0.1.0 52.00 OK
r-oldrel-windows-x86_64 0.1.0 11.00 63.00 74.00 OK

Check Details

Version: 0.1.0
Check: package dependencies
Result: NOTE Packages suggested but not available for checking: 'testthat', 'roxygen2', 'pkgdown', 'devtools', 'mockery' Flavor: r-devel-linux-x86_64-debian-gcc

Version: 0.1.0
Check: tests
Result: ERROR Running ‘testthat.R’ [0s/1s] Running ‘tinytest.R’ [2s/4s] Running the tests in ‘tests/testthat.R’ failed. Complete output: > library(testthat) Error in library(testthat) : there is no package called 'testthat' Execution halted Running the tests in ‘tests/tinytest.R’ failed. Complete output: > > if ( requireNamespace("tinytest", quietly=TRUE) ){ + tinytest::test_package("bootGOF") + } test_GOF_model.R.............. 0 tests test_GOF_model.R.............. 0 tests test_GOF_model.R.............. 0 tests test_GOF_model.R.............. 0 tests test_GOF_model.R.............. 0 tests test_GOF_model.R.............. 1 tests <1b>[0;32mOK<1b>[0m test_GOF_model.R.............. 1 tests <1b>[0;32mOK<1b>[0m test_GOF_model.R.............. 2 tests <1b>[0;32mOK<1b>[0m test_GOF_model.R.............. 2 tests <1b>[0;32mOK<1b>[0m test_GOF_model.R.............. 3 tests <1b>[0;32mOK<1b>[0m test_GOF_model.R.............. 3 tests <1b>[0;32mOK<1b>[0m test_GOF_model.R.............. 4 tests <1b>[0;32mOK<1b>[0m test_GOF_model.R.............. 4 tests <1b>[0;32mOK<1b>[0m test_GOF_model.R.............. 5 tests <1b>[0;32mOK<1b>[0m test_GOF_model.R.............. 5 tests <1b>[0;32mOK<1b>[0m test_GOF_model.R.............. 6 tests <1b>[0;32mOK<1b>[0m test_GOF_model.R.............. 6 tests <1b>[0;32mOK<1b>[0m test_GOF_model.R.............. 7 tests <1b>[0;32mOK<1b>[0m test_GOF_model.R.............. 7 tests <1b>[0;32mOK<1b>[0m test_GOF_model.R.............. 8 tests <1b>[0;32mOK<1b>[0m test_GOF_model.R.............. 8 tests <1b>[0;32mOK<1b>[0m test_GOF_model.R.............. 9 tests <1b>[0;32mOK<1b>[0m test_GOF_model.R.............. 9 tests <1b>[0;32mOK<1b>[0m test_GOF_model.R.............. 10 tests <1b>[0;32mOK<1b>[0m test_GOF_model.R.............. 10 tests <1b>[0;32mOK<1b>[0m test_GOF_model.R.............. 12 tests <1b>[0;32mOK<1b>[0m test_GOF_model.R.............. 12 tests <1b>[0;32mOK<1b>[0m test_GOF_model.R.............. 14 tests <1b>[0;32mOK<1b>[0m test_GOF_model.R.............. 14 tests <1b>[0;32mOK<1b>[0m test_GOF_model.R.............. 15 tests <1b>[0;32mOK<1b>[0m <1b>[0;34m2.7s<1b>[0m test_GOF_model_info_extractor.R 0 tests test_GOF_model_info_extractor.R 3 tests <1b>[0;32mOK<1b>[0m test_GOF_model_info_extractor.R 3 tests <1b>[0;32mOK<1b>[0m test_GOF_model_info_extractor.R 6 tests <1b>[0;32mOK<1b>[0m test_GOF_model_info_extractor.R 6 tests <1b>[0;32mOK<1b>[0m test_GOF_model_info_extractor.R 9 tests <1b>[0;32mOK<1b>[0m <1b>[0;36m16ms<1b>[0m test_GOF_model_resample.R..... 0 tests test_GOF_model_resample.R..... 1 tests <1b>[0;32mOK<1b>[0m <1b>[0;36m16ms<1b>[0m test_GOF_model_simulator.R.... 0 tests test_GOF_model_simulator.R.... 1 tests <1b>[0;32mOK<1b>[0m test_GOF_model_simulator.R.... 1 tests <1b>[0;32mOK<1b>[0m test_GOF_model_simulator.R.... 2 tests <1b>[0;32mOK<1b>[0m test_GOF_model_simulator.R.... 2 tests <1b>[0;32mOK<1b>[0m Error in loadNamespace(x) : there is no package called 'mockery' Calls: <Anonymous> ... loadNamespace -> withRestarts -> withOneRestart -> doWithOneRestart Execution halted Flavor: r-devel-linux-x86_64-debian-gcc

Version: 0.1.0
Check: dependencies in R code
Result: NOTE Namespace in Imports field not imported from: ‘R6’ All declared Imports should be used. Flavors: r-devel-linux-x86_64-fedora-clang, r-devel-linux-x86_64-fedora-gcc