CRAN Package Check Results for Package bootnet

Last updated on 2019-06-25 05:48:39 CEST.

Flavor Version Tinstall Tcheck Ttotal Status Flags
r-devel-linux-x86_64-debian-clang 1.2.2 13.56 142.40 155.96 OK
r-devel-linux-x86_64-debian-gcc 1.2.2 10.96 111.95 122.91 OK
r-devel-linux-x86_64-fedora-clang 1.2.3 193.11 NOTE
r-devel-linux-x86_64-fedora-gcc 1.2.3 184.75 NOTE
r-devel-windows-ix86+x86_64 1.2.3 40.00 7.00 47.00 ERROR
r-patched-linux-x86_64 1.2.2 13.97 140.07 154.04 OK
r-patched-solaris-x86 1.2.3 298.70 NOTE
r-release-linux-x86_64 1.2.2 15.18 141.20 156.38 OK
r-release-windows-ix86+x86_64 1.2.2 34.00 209.00 243.00 OK
r-release-osx-x86_64 1.2.2 NOTE
r-oldrel-windows-ix86+x86_64 1.2.2 22.00 149.00 171.00 OK
r-oldrel-osx-x86_64 1.2.2 NOTE

Check Details

Version: 1.2.3
Check: dependencies in R code
Result: NOTE
    Namespace in Imports field not imported from: ‘psychTools’
     All declared Imports should be used.
Flavors: r-devel-linux-x86_64-fedora-clang, r-devel-linux-x86_64-fedora-gcc, r-patched-solaris-x86

Version: 1.2.3
Check: whether package can be installed
Result: ERROR
    Installation failed.
Flavor: r-devel-windows-ix86+x86_64

Version: 1.2.2
Check: dependencies in R code
Result: NOTE
    Namespace in Imports field not imported from: ‘psych’
     All declared Imports should be used.
Flavors: r-release-osx-x86_64, r-oldrel-osx-x86_64