CRAN Package Check Results for Package brainGraph

Last updated on 2021-06-23 05:49:22 CEST.

Flavor Version Tinstall Tcheck Ttotal Status Flags
r-devel-linux-x86_64-debian-clang 3.0.0 35.10 138.55 173.65 OK
r-devel-linux-x86_64-debian-gcc 3.0.0 24.89 101.40 126.29 OK
r-devel-linux-x86_64-fedora-clang 3.0.0 209.23 OK
r-devel-linux-x86_64-fedora-gcc 3.0.0 196.48 OK
r-devel-windows-x86_64 3.0.0 38.00 144.00 182.00 OK
r-devel-windows-x86_64-gcc10-UCRT 3.0.0 NOTE
r-patched-linux-x86_64 3.0.0 32.29 130.87 163.16 OK
r-patched-solaris-x86 3.0.0 273.10 OK
r-release-linux-x86_64 3.0.0 25.88 131.88 157.76 OK
r-release-macos-arm64 3.0.0 NOTE
r-release-macos-x86_64 3.0.0 OK
r-release-windows-ix86+x86_64 3.0.0 45.00 111.00 156.00 OK
r-oldrel-macos-x86_64 3.0.0 OK

Check Details

Version: 3.0.0
Check: package dependencies
Result: NOTE
    Package suggested but not available for checking: 'car'
Flavor: r-devel-windows-x86_64-gcc10-UCRT

Version: 3.0.0
Check: Rd cross-references
Result: NOTE
    Package unavailable to check Rd xrefs: 'car'
Flavor: r-devel-windows-x86_64-gcc10-UCRT

Version: 3.0.0
Check: package dependencies
Result: NOTE
    Packages suggested but not available for checking: 'RGtk2', 'cairoDevice'
Flavor: r-release-macos-arm64