CRAN Package Check Results for Package breathtestcore

Last updated on 2021-09-24 05:55:20 CEST.

Flavor Version Tinstall Tcheck Ttotal Status Flags
r-devel-linux-x86_64-debian-clang 0.8.1 13.96 188.31 202.27 OK
r-devel-linux-x86_64-debian-gcc 0.8.1 9.01 137.57 146.58 OK
r-devel-linux-x86_64-fedora-clang 0.8.1 242.45 NOTE
r-devel-linux-x86_64-fedora-gcc 0.8.1 231.19 NOTE
r-devel-windows-x86_64 0.8.1 15.00 163.00 178.00 OK
r-devel-windows-x86_64-gcc10-UCRT 0.8.1 OK
r-patched-linux-x86_64 0.8.1 11.76 178.92 190.68 OK
r-patched-solaris-x86 0.8.1 324.50 OK
r-release-linux-x86_64 0.8.1 11.83 177.82 189.65 OK
r-release-macos-arm64 0.8.1 OK
r-release-macos-x86_64 0.8.1 OK
r-release-windows-ix86+x86_64 0.8.1 29.00 190.00 219.00 OK
r-oldrel-macos-x86_64 0.8.1 OK
r-oldrel-windows-ix86+x86_64 0.8.1 20.00 168.00 188.00 OK

Check Details

Version: 0.8.1
Check: package dependencies
Result: NOTE
    Package suggested but not available for checking: ‘breathteststan’
Flavors: r-devel-linux-x86_64-fedora-clang, r-devel-linux-x86_64-fedora-gcc

Version: 0.8.1
Check: Rd cross-references
Result: NOTE
    Undeclared package ‘generics’ in Rd xrefs
Flavor: r-devel-linux-x86_64-fedora-clang