CRAN Package Check Results for Package bridgesampling

Last updated on 2021-11-26 05:57:38 CET.

Flavor Version Tinstall Tcheck Ttotal Status Flags
r-devel-linux-x86_64-debian-clang 1.1-2 9.65 224.67 234.32 OK
r-devel-linux-x86_64-debian-gcc 1.1-2 8.87 170.63 179.50 OK
r-devel-linux-x86_64-fedora-clang 1.1-2 289.77 OK
r-devel-linux-x86_64-fedora-gcc 1.1-2 292.11 OK
r-devel-windows-x86_64-new-UL 1.1-2 20.00 211.00 231.00 OK
r-devel-windows-x86_64-new-TK 1.1-2 OK
r-devel-windows-x86_64-old 1.1-2 10.00 200.00 210.00 OK
r-patched-linux-x86_64 1.1-2 8.87 232.94 241.81 OK
r-patched-solaris-x86 1.1-2 307.50 OK
r-release-linux-x86_64 1.1-2 OK
r-release-macos-arm64 1.1-2 ERROR
r-release-macos-x86_64 1.1-2 OK
r-release-windows-ix86+x86_64 1.1-2 21.00 217.00 238.00 OK
r-oldrel-macos-x86_64 1.1-2 OK
r-oldrel-windows-ix86+x86_64 1.1-2 18.00 219.00 237.00 OK

Check Details

Version: 1.1-2
Check: tests
Result: ERROR
     Running ‘testthat.R’ [23s/40s]
    Running the tests in ‘tests/testthat.R’ failed.
    Complete output:
     > Sys.setenv("R_TESTS" = "")
     > library(testthat)
     >
     > test_check("bridgesampling")
     Loading required package: bridgesampling
     Median of 10 bridge sampling estimates
     of the log marginal likelihood: 4293.156
     Range of estimates: 4290.976 to 4294.028
     Interquartile range: 1.62594
     Method: normal
Flavor: r-release-macos-arm64