CRAN Package Check Results for Package briqr

Last updated on 2022-01-24 05:51:43 CET.

Flavor Version Tinstall Tcheck Ttotal Status Flags
r-devel-linux-x86_64-debian-clang 0.1.0 2.06 31.15 33.21 NOTE
r-devel-linux-x86_64-debian-gcc 0.1.0 1.32 24.65 25.97 NOTE
r-devel-linux-x86_64-fedora-clang 0.1.0 42.59 NOTE
r-devel-linux-x86_64-fedora-gcc 0.1.0 30.93 NOTE
r-devel-windows-x86_64-new-UL 0.1.0 43.00 47.00 90.00 NOTE
r-devel-windows-x86_64-new-TK 0.1.0 NOTE
r-patched-linux-x86_64 0.1.0 2.11 30.30 32.41 NOTE
r-release-linux-x86_64 0.1.0 1.34 30.52 31.86 NOTE
r-release-macos-arm64 0.1.0 NOTE
r-release-macos-x86_64 0.1.0 NOTE
r-release-windows-ix86+x86_64 0.1.0 6.00 39.00 45.00 NOTE
r-oldrel-macos-x86_64 0.1.0 OK
r-oldrel-windows-ix86+x86_64 0.1.0 5.00 41.00 46.00 OK

Check Details

Version: 0.1.0
Check: LazyData
Result: NOTE
     'LazyData' is specified without a 'data' directory
Flavors: r-devel-linux-x86_64-debian-clang, r-devel-linux-x86_64-debian-gcc, r-devel-linux-x86_64-fedora-clang, r-devel-linux-x86_64-fedora-gcc, r-devel-windows-x86_64-new-UL, r-devel-windows-x86_64-new-TK, r-patched-linux-x86_64, r-release-linux-x86_64, r-release-macos-arm64, r-release-macos-x86_64, r-release-windows-ix86+x86_64