Last updated on 2021-01-18 05:47:19 CET.
Flavor | Version | Tinstall | Tcheck | Ttotal | Status | Flags |
---|---|---|---|---|---|---|
r-devel-linux-x86_64-debian-clang | 1.0.2 | 66.47 | 162.38 | 228.85 | OK | |
r-devel-linux-x86_64-debian-gcc | 1.0.2 | 46.97 | 122.57 | 169.54 | OK | |
r-devel-linux-x86_64-fedora-clang | 1.0.2 | 295.56 | OK | |||
r-devel-linux-x86_64-fedora-gcc | 1.0.2 | 290.52 | OK | |||
r-devel-windows-ix86+x86_64 | 1.0.2 | 124.00 | 215.00 | 339.00 | OK | |
r-patched-linux-x86_64 | 1.0.2 | 60.28 | 151.66 | 211.94 | OK | |
r-patched-solaris-x86 | 1.0.2 | 313.00 | OK | |||
r-release-linux-x86_64 | 1.0.2 | 59.04 | 152.14 | 211.18 | OK | |
r-release-macos-x86_64 | 1.0.2 | NOTE | ||||
r-release-windows-ix86+x86_64 | 1.0.2 | 158.00 | 256.00 | 414.00 | OK | |
r-oldrel-macos-x86_64 | 1.0.2 | NOTE | ||||
r-oldrel-windows-ix86+x86_64 | 1.0.2 | 111.00 | 186.00 | 297.00 | OK |
Version: 1.0.2
Check: installed package size
Result: NOTE
installed size is 8.5Mb
sub-directories of 1Mb or more:
doc 1.1Mb
libs 6.8Mb
Flavors: r-release-macos-x86_64, r-oldrel-macos-x86_64