CRAN Package Check Results for Package broomExtra

Last updated on 2019-09-19 05:47:13 CEST.

Flavor Version Tinstall Tcheck Ttotal Status Flags
r-devel-linux-x86_64-debian-clang 0.0.5 8.66 118.99 127.65 OK
r-devel-linux-x86_64-debian-gcc 0.0.5 7.88 92.66 100.54 OK
r-devel-linux-x86_64-fedora-clang 0.0.5 154.97 NOTE
r-devel-linux-x86_64-fedora-gcc 0.0.5 153.12 NOTE
r-devel-windows-ix86+x86_64 0.0.5 31.00 175.00 206.00 OK
r-patched-linux-x86_64 0.0.5 8.54 115.11 123.65 OK
r-patched-solaris-x86 0.0.5 239.10 NOTE
r-release-linux-x86_64 0.0.5 9.74 115.78 125.52 OK
r-release-windows-ix86+x86_64 0.0.5 19.00 124.00 143.00 OK
r-release-osx-x86_64 0.0.5 NOTE
r-oldrel-windows-ix86+x86_64 0.0.5 10.00 132.00 142.00 OK
r-oldrel-osx-x86_64 0.0.5 NOTE

Check Details

Version: 0.0.5
Check: dependencies in R code
Result: NOTE
    Namespace in Imports field not imported from: ‘utils’
     All declared Imports should be used.
Flavors: r-devel-linux-x86_64-fedora-clang, r-devel-linux-x86_64-fedora-gcc, r-patched-solaris-x86, r-release-osx-x86_64, r-oldrel-osx-x86_64