CRAN Package Check Results for Package bssm

Last updated on 2019-10-15 05:47:42 CEST.

Flavor Version Tinstall Tcheck Ttotal Status Flags
r-devel-linux-x86_64-debian-clang 0.1.8 717.66 320.83 1038.49 OK
r-devel-linux-x86_64-debian-gcc 0.1.8 484.35 214.57 698.92 OK
r-devel-linux-x86_64-fedora-clang 0.1.8 1383.34 NOTE
r-devel-linux-x86_64-fedora-gcc 0.1.8 1322.25 OK
r-devel-windows-ix86+x86_64 0.1.8 1175.00 439.00 1614.00 NOTE
r-patched-linux-x86_64 0.1.8 535.57 310.82 846.39 OK
r-patched-solaris-x86 0.1.8 1174.20 NOTE
r-release-linux-x86_64 0.1.8 515.94 310.50 826.44 OK
r-release-windows-ix86+x86_64 0.1.8 1582.00 538.00 2120.00 NOTE
r-release-osx-x86_64 0.1.8 NOTE
r-oldrel-windows-ix86+x86_64 0.1.8 1173.00 409.00 1582.00 NOTE
r-oldrel-osx-x86_64 0.1.8 NOTE

Additional issues

MKL

Check Details

Version: 0.1.8
Check: installed package size
Result: NOTE
     installed size is 37.5Mb
     sub-directories of 1Mb or more:
     doc 1.6Mb
     libs 35.4Mb
Flavors: r-devel-linux-x86_64-fedora-clang, r-devel-windows-ix86+x86_64, r-patched-solaris-x86, r-release-windows-ix86+x86_64, r-release-osx-x86_64, r-oldrel-windows-ix86+x86_64, r-oldrel-osx-x86_64