Last updated on 2023-12-11 05:51:45 CET.
Flavor | Version | Tinstall | Tcheck | Ttotal | Status | Flags |
---|---|---|---|---|---|---|
r-devel-linux-x86_64-debian-clang | 0.5.3 | 11.13 | 121.58 | 132.71 | NOTE | |
r-devel-linux-x86_64-debian-gcc | 0.5.3 | 10.54 | 88.60 | 99.14 | NOTE | |
r-devel-linux-x86_64-fedora-clang | 0.5.3 | 163.51 | NOTE | |||
r-devel-linux-x86_64-fedora-gcc | 0.5.3 | 154.59 | NOTE | |||
r-devel-windows-x86_64 | 0.5.3 | 15.00 | 108.00 | 123.00 | NOTE | |
r-patched-linux-x86_64 | 0.5.3 | 20.66 | 113.57 | 134.23 | OK | |
r-release-linux-x86_64 | 0.5.3 | 12.79 | 114.10 | 126.89 | OK | |
r-release-macos-arm64 | 0.5.3 | 46.00 | OK | |||
r-release-macos-x86_64 | 0.5.3 | 77.00 | OK | |||
r-release-windows-x86_64 | 0.5.3 | 19.00 | 132.00 | 151.00 | OK | |
r-oldrel-macos-arm64 | 0.5.3 | 47.00 | OK | |||
r-oldrel-macos-x86_64 | 0.5.3 | 63.00 | OK | |||
r-oldrel-windows-x86_64 | 0.5.3 | 18.00 | 125.00 | 143.00 | OK |
Version: 0.5.3
Check: Rd \usage sections
Result: NOTE
Documented arguments not in \usage in Rd file 'count.Rd':
‘.data’
Documented arguments not in \usage in Rd file 'unite.Rd':
‘.data’
Functions with \usage entries need to have the appropriate \alias
entries, and all their arguments documented.
The \usage entries must correspond to syntactically valid R code.
See chapter ‘Writing R documentation files’ in the ‘Writing R
Extensions’ manual.
Flavors: r-devel-linux-x86_64-debian-clang, r-devel-linux-x86_64-debian-gcc, r-devel-linux-x86_64-fedora-clang, r-devel-linux-x86_64-fedora-gcc, r-devel-windows-x86_64