Last updated on 2021-01-16 05:47:00 CET.
Flavor | Version | Tinstall | Tcheck | Ttotal | Status | Flags |
---|---|---|---|---|---|---|
r-devel-linux-x86_64-debian-clang | 0.1.0 | 245.47 | 185.98 | 431.45 | OK | |
r-devel-linux-x86_64-debian-gcc | 0.1.0 | 172.41 | 141.18 | 313.59 | OK | |
r-devel-linux-x86_64-fedora-clang | 0.1.0 | 586.56 | NOTE | |||
r-devel-linux-x86_64-fedora-gcc | 0.1.0 | 556.27 | OK | |||
r-devel-windows-ix86+x86_64 | 0.1.0 | 416.00 | 227.00 | 643.00 | OK | |
r-patched-linux-x86_64 | 0.1.0 | 205.41 | 179.56 | 384.97 | OK | |
r-patched-solaris-x86 | 0.1.0 | 516.90 | OK | |||
r-release-linux-x86_64 | 0.1.0 | 206.79 | 178.27 | 385.06 | OK | |
r-release-macos-x86_64 | 0.1.0 | NOTE | ||||
r-release-windows-ix86+x86_64 | 0.1.0 | 558.00 | 225.00 | 783.00 | OK | |
r-oldrel-macos-x86_64 | 0.1.0 | NOTE | ||||
r-oldrel-windows-ix86+x86_64 | 0.1.0 | 491.00 | 194.00 | 685.00 | OK |
Version: 0.1.0
Check: installed package size
Result: NOTE
installed size is 15.3Mb
sub-directories of 1Mb or more:
libs 14.4Mb
Flavors: r-devel-linux-x86_64-fedora-clang, r-release-macos-x86_64, r-oldrel-macos-x86_64