Last updated on 2023-01-28 05:56:17 CET.
Flavor | Version | Tinstall | Tcheck | Ttotal | Status | Flags |
---|---|---|---|---|---|---|
r-devel-linux-x86_64-debian-clang | 0.2.1 | 391.04 | 225.10 | 616.14 | OK | |
r-devel-linux-x86_64-debian-gcc | 0.2.1 | 335.45 | 169.11 | 504.56 | NOTE | |
r-devel-linux-x86_64-fedora-clang | 0.2.1 | 883.54 | OK | |||
r-devel-linux-x86_64-fedora-gcc | 0.2.1 | 873.97 | NOTE | |||
r-devel-windows-x86_64 | 0.2.1 | 314.00 | 270.00 | 584.00 | OK | |
r-patched-linux-x86_64 | 0.2.1 | 327.33 | 214.62 | 541.95 | OK | |
r-release-linux-x86_64 | 0.2.1 | 323.63 | 206.55 | 530.18 | OK | |
r-release-macos-arm64 | 0.2.1 | 224.00 | NOTE | |||
r-release-macos-x86_64 | 0.2.1 | 273.00 | NOTE | |||
r-release-windows-x86_64 | 0.2.1 | 289.00 | 267.00 | 556.00 | OK | |
r-oldrel-macos-arm64 | 0.2.1 | 192.00 | NOTE | |||
r-oldrel-macos-x86_64 | 0.2.1 | 282.00 | NOTE | |||
r-oldrel-windows-ix86+x86_64 | 0.2.1 | 872.00 | 292.00 | 1164.00 | NOTE |
Version: 0.2.1
Check: C++ specification
Result: NOTE
Specified C++11: please update to current default of C++17
Flavors: r-devel-linux-x86_64-debian-gcc, r-devel-linux-x86_64-fedora-gcc
Version: 0.2.1
Check: installed package size
Result: NOTE
installed size is 23.4Mb
sub-directories of 1Mb or more:
libs 21.9Mb
Flavors: r-release-macos-arm64, r-release-macos-x86_64, r-oldrel-macos-arm64, r-oldrel-macos-x86_64, r-oldrel-windows-ix86+x86_64