CRAN Package Check Results for Package bvls

Last updated on 2019-05-22 05:48:13 CEST.

Flavor Version Tinstall Tcheck Ttotal Status Flags
r-devel-linux-x86_64-debian-clang 1.4 2.45 16.31 18.76 NOTE
r-devel-linux-x86_64-debian-gcc 1.4 1.92 13.49 15.41 NOTE
r-devel-linux-x86_64-fedora-clang 1.4 22.89 NOTE
r-devel-linux-x86_64-fedora-gcc 1.4 22.12 NOTE
r-devel-windows-ix86+x86_64 1.4 91.00 50.00 141.00 NOTE
r-patched-linux-x86_64 1.4 2.34 16.24 18.58 NOTE
r-patched-solaris-x86 1.4 39.10 NOTE
r-release-linux-x86_64 1.4 2.36 16.32 18.68 NOTE
r-release-windows-ix86+x86_64 1.4 11.00 33.00 44.00 NOTE
r-release-osx-x86_64 1.4 NOTE
r-oldrel-windows-ix86+x86_64 1.4 5.00 31.00 36.00 NOTE
r-oldrel-osx-x86_64 1.4 NOTE

Check Details

Version: 1.4
Check: DESCRIPTION meta-information
Result: NOTE
    Malformed Description field: should contain one or more complete sentences.
Flavors: r-devel-linux-x86_64-debian-clang, r-devel-linux-x86_64-debian-gcc, r-devel-linux-x86_64-fedora-clang, r-devel-linux-x86_64-fedora-gcc, r-devel-windows-ix86+x86_64, r-patched-linux-x86_64, r-patched-solaris-x86, r-release-linux-x86_64, r-release-windows-ix86+x86_64, r-release-osx-x86_64, r-oldrel-windows-ix86+x86_64, r-oldrel-osx-x86_64

Version: 1.4
Check: compiled code
Result: NOTE
    File ‘bvls/libs/bvls.so’:
     Found no calls to: ‘R_registerRoutines’, ‘R_useDynamicSymbols’
    
    It is good practice to register native routines and to disable symbol
    search.
    
    See ‘Writing portable packages’ in the ‘Writing R Extensions’ manual.
Flavors: r-devel-linux-x86_64-fedora-clang, r-devel-linux-x86_64-fedora-gcc