CRAN Package Check Results for Package bvpSolve

Last updated on 2019-08-18 05:46:10 CEST.

Flavor Version Tinstall Tcheck Ttotal Status Flags
r-devel-linux-x86_64-debian-clang 1.3.3 28.89 92.69 121.58 OK
r-devel-linux-x86_64-debian-gcc 1.3.3 21.85 67.31 89.16 OK
r-devel-linux-x86_64-fedora-clang 1.3.3 144.82 NOTE
r-devel-linux-x86_64-fedora-gcc 1.3.3 143.03 NOTE
r-devel-windows-ix86+x86_64 1.3.3 97.00 160.00 257.00 OK
r-patched-linux-x86_64 1.3.3 28.22 88.42 116.64 OK
r-patched-solaris-x86 1.3.3 179.50 OK
r-release-linux-x86_64 1.3.3 28.38 88.88 117.26 OK
r-release-windows-ix86+x86_64 1.3.3 92.00 129.00 221.00 OK
r-release-osx-x86_64 1.3.3 OK
r-oldrel-windows-ix86+x86_64 1.3.3 85.00 159.00 244.00 OK
r-oldrel-osx-x86_64 1.3.3 OK

Additional issues

LTO rchk

Check Details

Version: 1.3.3
Check: compiled code
Result: NOTE
    File ‘bvpSolve/libs/bvpSolve.so’:
     Found no calls to: ‘R_registerRoutines’, ‘R_useDynamicSymbols’
    
    It is good practice to register native routines and to disable symbol
    search.
    
    See ‘Writing portable packages’ in the ‘Writing R Extensions’ manual.
Flavors: r-devel-linux-x86_64-fedora-clang, r-devel-linux-x86_64-fedora-gcc