Last updated on 2023-01-27 05:52:58 CET.
Flavor | Version | Tinstall | Tcheck | Ttotal | Status | Flags |
---|---|---|---|---|---|---|
r-devel-linux-x86_64-debian-clang | 0.1.0 | 227.95 | 98.46 | 326.41 | NOTE | |
r-devel-linux-x86_64-debian-gcc | 0.1.0 | 207.70 | 84.42 | 292.12 | NOTE | |
r-devel-linux-x86_64-fedora-clang | 0.1.0 | 436.81 | NOTE | |||
r-devel-linux-x86_64-fedora-gcc | 0.1.0 | 515.27 | NOTE | |||
r-devel-windows-x86_64 | 0.1.0 | 176.00 | 164.00 | 340.00 | NOTE | |
r-patched-linux-x86_64 | 0.1.0 | 160.92 | 107.32 | 268.24 | NOTE | |
r-release-linux-x86_64 | 0.1.0 | 168.01 | 109.82 | 277.83 | NOTE | |
r-release-macos-arm64 | 0.1.0 | 118.00 | NOTE | |||
r-release-macos-x86_64 | 0.1.0 | 168.00 | NOTE | |||
r-release-windows-x86_64 | 0.1.0 | 178.00 | 165.00 | 343.00 | NOTE | |
r-oldrel-macos-arm64 | 0.1.0 | 95.00 | NOTE | |||
r-oldrel-macos-x86_64 | 0.1.0 | 162.00 | NOTE | |||
r-oldrel-windows-ix86+x86_64 | 0.1.0 | 536.00 | 216.00 | 752.00 | NOTE |
Version: 0.1.0
Check: for GNU extensions in Makefiles
Result: NOTE
GNU make is a SystemRequirements.
Flavors: r-devel-linux-x86_64-debian-clang, r-devel-linux-x86_64-debian-gcc, r-devel-linux-x86_64-fedora-clang, r-devel-linux-x86_64-fedora-gcc, r-devel-windows-x86_64, r-patched-linux-x86_64, r-release-linux-x86_64, r-release-macos-arm64, r-release-macos-x86_64, r-release-windows-x86_64, r-oldrel-macos-arm64, r-oldrel-macos-x86_64, r-oldrel-windows-ix86+x86_64
Version: 0.1.0
Check: C++ specification
Result: NOTE
Specified C++14: please update to current default of C++17
Flavors: r-devel-linux-x86_64-debian-gcc, r-devel-linux-x86_64-fedora-gcc
Version: 0.1.0
Check: dependencies in R code
Result: NOTE
Namespaces in Imports field not imported from:
‘RcppParallel’ ‘rstantools’
All declared Imports should be used.
Flavors: r-devel-linux-x86_64-fedora-clang, r-devel-linux-x86_64-fedora-gcc, r-release-macos-arm64, r-release-macos-x86_64, r-oldrel-macos-arm64, r-oldrel-macos-x86_64
Version: 0.1.0
Check: installed package size
Result: NOTE
installed size is 43.2Mb
sub-directories of 1Mb or more:
libs 42.9Mb
Flavors: r-release-macos-arm64, r-release-macos-x86_64, r-oldrel-macos-arm64, r-oldrel-macos-x86_64, r-oldrel-windows-ix86+x86_64