CRAN Package Check Results for Package caRecall

Last updated on 2021-11-28 05:49:29 CET.

Flavor Version Tinstall Tcheck Ttotal Status Flags
r-devel-linux-x86_64-debian-clang 0.1.0 NOTE
r-devel-linux-x86_64-debian-gcc 0.1.0 1.87 20.37 22.24 NOTE
r-devel-linux-x86_64-fedora-clang 0.1.0 44.93 NOTE
r-devel-linux-x86_64-fedora-gcc 0.1.0 34.27 NOTE
r-devel-windows-x86_64-new-UL 0.1.0 7.00 63.00 70.00 NOTE
r-devel-windows-x86_64-new-TK 0.1.0 NOTE
r-devel-windows-x86_64-old 0.1.0 4.00 45.00 49.00 NOTE
r-patched-linux-x86_64 0.1.0 2.21 24.42 26.63 NOTE
r-patched-solaris-x86 0.1.0 51.00 NOTE
r-release-linux-x86_64 0.1.0 2.28 24.72 27.00 NOTE
r-release-macos-arm64 0.1.0 NOTE
r-release-macos-x86_64 0.1.0 NOTE
r-release-windows-ix86+x86_64 0.1.0 6.00 43.00 49.00 NOTE
r-oldrel-macos-x86_64 0.1.0 OK
r-oldrel-windows-ix86+x86_64 0.1.0 4.00 45.00 49.00 OK

Check Details

Version: 0.1.0
Check: LazyData
Result: NOTE
     'LazyData' is specified without a 'data' directory
Flavors: r-devel-linux-x86_64-debian-clang, r-devel-linux-x86_64-debian-gcc, r-devel-linux-x86_64-fedora-clang, r-devel-linux-x86_64-fedora-gcc, r-devel-windows-x86_64-new-UL, r-devel-windows-x86_64-new-TK, r-devel-windows-x86_64-old, r-patched-linux-x86_64, r-patched-solaris-x86, r-release-linux-x86_64, r-release-macos-arm64, r-release-macos-x86_64, r-release-windows-ix86+x86_64