CRAN Package Check Results for Package caTools

Last updated on 2019-07-16 05:48:06 CEST.

Flavor Version Tinstall Tcheck Ttotal Status Flags
r-devel-linux-x86_64-debian-clang 1.17.1.2 5.69 31.67 37.36 NOTE
r-devel-linux-x86_64-debian-gcc 1.17.1.2 4.19 24.80 28.99 NOTE
r-devel-linux-x86_64-fedora-clang 1.17.1.2 45.05 NOTE
r-devel-linux-x86_64-fedora-gcc 1.17.1.2 42.44 NOTE
r-devel-windows-ix86+x86_64 1.17.1.2 19.00 65.00 84.00 NOTE
r-patched-linux-x86_64 1.17.1.2 5.06 31.49 36.55 NOTE
r-patched-solaris-x86 1.17.1.2 68.30 NOTE
r-release-linux-x86_64 1.17.1.2 5.29 31.31 36.60 NOTE
r-release-windows-ix86+x86_64 1.17.1.2 14.00 67.00 81.00 NOTE
r-release-osx-x86_64 1.17.1.2 NOTE
r-oldrel-windows-ix86+x86_64 1.17.1.2 21.00 58.00 79.00 NOTE
r-oldrel-osx-x86_64 1.17.1.2 NOTE

Check Details

Version: 1.17.1.2
Check: DESCRIPTION meta-information
Result: NOTE
    Malformed Title field: should not end in a period.
Flavors: r-devel-linux-x86_64-debian-clang, r-devel-linux-x86_64-debian-gcc, r-devel-linux-x86_64-fedora-clang, r-devel-linux-x86_64-fedora-gcc, r-devel-windows-ix86+x86_64, r-patched-linux-x86_64, r-patched-solaris-x86, r-release-linux-x86_64, r-release-windows-ix86+x86_64, r-release-osx-x86_64, r-oldrel-windows-ix86+x86_64, r-oldrel-osx-x86_64

Version: 1.17.1.2
Check: for non-standard things in the check directory
Result: NOTE
    Found the following files/directories:
     'volcano.gif'
Flavors: r-devel-linux-x86_64-debian-clang, r-devel-linux-x86_64-debian-gcc, r-devel-linux-x86_64-fedora-clang, r-devel-linux-x86_64-fedora-gcc

Version: 1.17.1.2
Check: compiled code
Result: NOTE
    File ‘caTools/libs/caTools.so’:
     Found no calls to: ‘R_registerRoutines’, ‘R_useDynamicSymbols’
    
    It is good practice to register native routines and to disable symbol
    search.
    
    See ‘Writing portable packages’ in the ‘Writing R Extensions’ manual.
Flavors: r-devel-linux-x86_64-fedora-clang, r-devel-linux-x86_64-fedora-gcc