CRAN Package Check Results for Package cairoDevice

Last updated on 2021-07-23 05:51:46 CEST.

Flavor Version Tinstall Tcheck Ttotal Status Flags
r-devel-linux-x86_64-debian-clang 2.28.2 4.98 23.12 28.10 WARN
r-devel-linux-x86_64-debian-gcc 2.28.2 3.30 18.68 21.98 WARN
r-devel-linux-x86_64-fedora-clang 2.28.2 43.57 WARN
r-devel-linux-x86_64-fedora-gcc 2.28.2 32.38 WARN
r-devel-windows-x86_64 2.28.2 8.00 39.00 47.00 NOTE
r-devel-windows-x86_64-gcc10-UCRT 2.28.2 NOTE
r-patched-linux-x86_64 2.28.2 3.97 22.22 26.19 WARN
r-patched-solaris-x86 2.28.2 51.60 NOTE
r-release-linux-x86_64 2.28.2 4.16 22.14 26.30 WARN
r-release-macos-arm64 2.28.2 ERROR
r-release-macos-x86_64 2.28.2 NOTE
r-release-windows-ix86+x86_64 2.28.2 14.00 36.00 50.00 NOTE
r-oldrel-macos-x86_64 2.28.2 NOTE
r-oldrel-windows-ix86+x86_64 2.28.2 14.00 34.00 48.00 NOTE

Check Details

Version: 2.28.2
Check: whether package can be installed
Result: WARN
    Found the following significant warnings:
     /usr/include/gtk-2.0/gtk/gtktypeutils.h:236:34: warning: 'GTypeDebugFlags' is deprecated [-Wdeprecated-declarations]
     /usr/include/gtk-2.0/gtk/gtktooltips.h:73:3: warning: 'GTimeVal' is deprecated: Use 'GDateTime' instead [-Wdeprecated-declarations]
Flavors: r-devel-linux-x86_64-debian-clang, r-devel-linux-x86_64-fedora-clang

Version: 2.28.2
Check: whether the namespace can be unloaded cleanly
Result: WARN
    ---- unloading
    
     *** caught segfault ***
    address 0x7f80a6f3cbc0, cause 'invalid permissions'
    An irrecoverable exception occurred. R is aborting now ...
    Segmentation fault
Flavor: r-devel-linux-x86_64-debian-clang

Version: 2.28.2
Check: R code for possible problems
Result: NOTE
    File 'cairoDevice/R/zzz.R':
     .onLoad calls:
     message("R session is headless; GTK+ not initialized.")
    
    Package startup functions should use 'packageStartupMessage' to
     generate messages.
    See section 'Good practice' in '?.onAttach'.
Flavors: r-devel-linux-x86_64-debian-clang, r-devel-linux-x86_64-debian-gcc, r-devel-linux-x86_64-fedora-clang, r-devel-linux-x86_64-fedora-gcc, r-devel-windows-x86_64, r-devel-windows-x86_64-gcc10-UCRT, r-patched-linux-x86_64, r-patched-solaris-x86, r-release-linux-x86_64, r-release-macos-x86_64, r-release-windows-ix86+x86_64, r-oldrel-macos-x86_64, r-oldrel-windows-ix86+x86_64

Version: 2.28.2
Check: compiled code
Result: NOTE
    File 'cairoDevice/libs/cairoDevice.so':
     Found non-API call to R: 'R_CStackLimit'
    
    Compiled code should not call non-API entry points in R.
    
    See 'Writing portable packages' in the 'Writing R Extensions' manual.
Flavors: r-devel-linux-x86_64-debian-clang, r-devel-linux-x86_64-debian-gcc, r-devel-linux-x86_64-fedora-clang, r-devel-linux-x86_64-fedora-gcc, r-patched-linux-x86_64, r-patched-solaris-x86, r-release-linux-x86_64, r-release-macos-x86_64, r-oldrel-macos-x86_64

Version: 2.28.2
Check: whether package can be installed
Result: WARN
    Found the following significant warnings:
     /usr/include/gtk-2.0/gtk/gtktypeutils.h:236:1: warning: ‘GTypeDebugFlags’ is deprecated [-Wdeprecated-declarations]
     /usr/include/gtk-2.0/gtk/gtktooltips.h:73:3: warning: ‘GTimeVal’ is deprecated: Use 'GDateTime' instead [-Wdeprecated-declarations]
Flavors: r-devel-linux-x86_64-debian-gcc, r-devel-linux-x86_64-fedora-gcc, r-patched-linux-x86_64, r-release-linux-x86_64

Version: 2.28.2
Check: Rd cross-references
Result: NOTE
    Undeclared package ‘RGtk2’ in Rd xrefs
Flavor: r-devel-linux-x86_64-fedora-clang

Version: 2.28.2
Check: whether package can be installed
Result: ERROR
    Installation failed.
Flavor: r-release-macos-arm64

Version: 2.28.2
Check: installed package size
Result: NOTE
     installed size is 8.2Mb
     sub-directories of 1Mb or more:
     libs 8.1Mb
Flavors: r-release-macos-x86_64, r-oldrel-macos-x86_64