CRAN Package Check Results for Package calACS

Last updated on 2021-10-22 05:59:40 CEST.

Flavor Version Tinstall Tcheck Ttotal Status Flags
r-devel-linux-x86_64-debian-clang 2.2.2 2.07 18.72 20.79 NOTE
r-devel-linux-x86_64-debian-gcc 2.2.2 1.61 14.96 16.57 NOTE
r-devel-linux-x86_64-fedora-clang 2.2.2 36.11 NOTE
r-devel-linux-x86_64-fedora-gcc 2.2.2 25.98 NOTE
r-devel-windows-x86_64 2.2.2 3.00 32.00 35.00 NOTE
r-devel-windows-x86_64-gcc10-UCRT 2.2.2 NOTE
r-patched-linux-x86_64 2.2.2 1.96 18.42 20.38 NOTE
r-patched-solaris-x86 2.2.2 40.90 NOTE
r-release-linux-x86_64 2.2.2 1.90 18.24 20.14 NOTE
r-release-macos-arm64 2.2.2 NOTE
r-release-macos-x86_64 2.2.2 NOTE
r-release-windows-ix86+x86_64 2.2.2 4.00 24.00 28.00 NOTE
r-oldrel-macos-x86_64 2.2.2 OK
r-oldrel-windows-ix86+x86_64 2.2.2 4.00 24.00 28.00 OK

Check Details

Version: 2.2.2
Check: LazyData
Result: NOTE
     'LazyData' is specified without a 'data' directory
Flavors: r-devel-linux-x86_64-debian-clang, r-devel-linux-x86_64-debian-gcc, r-devel-linux-x86_64-fedora-clang, r-devel-linux-x86_64-fedora-gcc, r-devel-windows-x86_64, r-devel-windows-x86_64-gcc10-UCRT, r-patched-linux-x86_64, r-patched-solaris-x86, r-release-linux-x86_64, r-release-macos-arm64, r-release-macos-x86_64, r-release-windows-ix86+x86_64