CRAN Package Check Results for Package calibrate

Last updated on 2020-09-22 05:50:39 CEST.

Flavor Version Tinstall Tcheck Ttotal Status Flags
r-devel-linux-x86_64-debian-clang 1.7.7 3.22 31.40 34.62 OK
r-devel-linux-x86_64-debian-gcc 1.7.7 0.32 2.04 2.36 ERROR
r-devel-linux-x86_64-fedora-clang 1.7.7 51.44 OK
r-devel-linux-x86_64-fedora-gcc 1.7.7 41.76 OK
r-devel-windows-ix86+x86_64 1.7.7 6.00 45.00 51.00 OK
r-patched-linux-x86_64 1.7.7 3.26 31.06 34.32 OK
r-patched-solaris-x86 1.7.7 59.20 OK
r-release-linux-x86_64 1.7.7 3.14 31.29 34.43 OK
r-release-macos-x86_64 1.7.7 OK
r-release-windows-ix86+x86_64 1.7.7 8.00 46.00 54.00 OK
r-oldrel-macos-x86_64 1.7.7 NOTE
r-oldrel-windows-ix86+x86_64 1.7.7 4.00 55.00 59.00 NOTE

Check Details

Version: 1.7.7
Check: whether package can be installed
Result: ERROR
    Installation failed.
Flavor: r-devel-linux-x86_64-debian-gcc

Version: 1.7.7
Check: R code for possible problems
Result: NOTE
    bplot: no visible global function definition for ‘plot’
    Undefined global functions or variables:
     plot
    Consider adding
     importFrom("graphics", "plot")
    to your NAMESPACE file.
Flavors: r-oldrel-macos-x86_64, r-oldrel-windows-ix86+x86_64