CRAN Package Check Results for Package canadamaps

Last updated on 2022-08-12 05:52:43 CEST.

Flavor Version Tinstall Tcheck Ttotal Status Flags
r-devel-linux-x86_64-debian-clang 0.1 10.53 80.96 91.49 OK
r-devel-linux-x86_64-debian-gcc 0.1 7.80 60.85 68.65 OK
r-devel-linux-x86_64-fedora-clang 0.1 117.71 NOTE
r-devel-linux-x86_64-fedora-gcc 0.1 115.96 NOTE
r-devel-windows-x86_64 0.1 14.00 97.00 111.00 OK
r-patched-linux-x86_64 0.1 6.03 80.33 86.36 OK
r-release-linux-x86_64 0.1 6.05 78.60 84.65 OK
r-release-macos-arm64 0.1 31.00 NOTE
r-release-macos-x86_64 0.1 55.00 NOTE
r-release-windows-x86_64 0.1 30.00 101.00 131.00 OK
r-oldrel-macos-arm64 0.1 165.00 NOTE
r-oldrel-macos-x86_64 0.1 42.00 NOTE
r-oldrel-windows-ix86+x86_64 0.1 26.00 107.00 133.00 OK

Check Details

Version: 0.1
Check: data for non-ASCII characters
Result: NOTE
     Note: found 287 marked UTF-8 strings
Flavors: r-devel-linux-x86_64-fedora-clang, r-devel-linux-x86_64-fedora-gcc, r-release-macos-arm64, r-release-macos-x86_64, r-oldrel-macos-arm64, r-oldrel-macos-x86_64