CRAN Package Check Results for Package cancerGI

Last updated on 2022-01-25 05:54:37 CET.

Flavor Version Tinstall Tcheck Ttotal Status Flags
r-devel-linux-x86_64-debian-clang 1.0.0 11.03 110.04 121.07 NOTE
r-devel-linux-x86_64-debian-gcc 1.0.0 9.75 97.36 107.11 NOTE
r-devel-linux-x86_64-fedora-clang 1.0.0 147.77 NOTE
r-devel-linux-x86_64-fedora-gcc 1.0.0 140.87 NOTE
r-devel-windows-x86_64-new-UL 1.0.0 55.00 130.00 185.00 OK
r-devel-windows-x86_64-new-TK 1.0.0 ERROR
r-patched-linux-x86_64 1.0.0 9.21 105.41 114.62 NOTE
r-release-linux-x86_64 1.0.0 9.41 105.70 115.11 NOTE
r-release-macos-arm64 1.0.0 OK
r-release-macos-x86_64 1.0.0 OK
r-release-windows-ix86+x86_64 1.0.0 27.00 120.00 147.00 OK
r-oldrel-macos-x86_64 1.0.0 OK
r-oldrel-windows-ix86+x86_64 1.0.0 27.00 122.00 149.00 OK

Check Details

Version: 1.0.0
Check: for non-standard things in the check directory
Result: NOTE
    Found the following files/directories:
     'tmp.txt'
Flavors: r-devel-linux-x86_64-debian-clang, r-devel-linux-x86_64-debian-gcc, r-devel-linux-x86_64-fedora-clang, r-devel-linux-x86_64-fedora-gcc, r-patched-linux-x86_64, r-release-linux-x86_64

Version: 1.0.0
Check: package dependencies
Result: ERROR
    Package required but not available: 'systemfit'
    
    See section 'The DESCRIPTION file' in the 'Writing R Extensions'
    manual.
Flavor: r-devel-windows-x86_64-new-TK