CRAN Package Check Results for Package candisc

Last updated on 2022-01-25 05:54:37 CET.

Flavor Version Tinstall Tcheck Ttotal Status Flags
r-devel-linux-x86_64-debian-clang 0.8-6 3.71 59.02 62.73 OK
r-devel-linux-x86_64-debian-gcc 0.8-6 3.79 49.01 52.80 OK
r-devel-linux-x86_64-fedora-clang 0.8-6 77.34 NOTE
r-devel-linux-x86_64-fedora-gcc 0.8-6 65.66 OK
r-devel-windows-x86_64-new-UL 0.8-6 36.00 90.00 126.00 OK
r-devel-windows-x86_64-new-TK 0.8-6 ERROR
r-patched-linux-x86_64 0.8-6 4.17 56.48 60.65 OK
r-release-linux-x86_64 0.8-6 4.49 55.89 60.38 OK
r-release-macos-arm64 0.8-6 OK
r-release-macos-x86_64 0.8-6 OK
r-release-windows-ix86+x86_64 0.8-6 11.00 67.00 78.00 OK
r-oldrel-macos-x86_64 0.8-6 OK
r-oldrel-windows-ix86+x86_64 0.8-6 10.00 67.00 77.00 OK

Check Details

Version: 0.8-6
Check: Rd cross-references
Result: NOTE
    Undeclared packages ‘yacca’, ‘CCA’ in Rd xrefs
Flavor: r-devel-linux-x86_64-fedora-clang

Version: 0.8-6
Check: package dependencies
Result: ERROR
    Packages required but not available: 'car', 'heplots'
    
    See section 'The DESCRIPTION file' in the 'Writing R Extensions'
    manual.
Flavor: r-devel-windows-x86_64-new-TK